Last updated on 2025-10-27 17:50:32 CET.
| Flavor | Version | Tinstall | Tcheck | Ttotal | Status | Flags |
|---|---|---|---|---|---|---|
| r-devel-linux-x86_64-debian-clang | 1.0.0 | 127.52 | 101.26 | 228.78 | OK | |
| r-devel-linux-x86_64-debian-gcc | 1.0.0 | 71.14 | 75.46 | 146.60 | OK | |
| r-devel-linux-x86_64-fedora-clang | 1.0.1 | 206.00 | 328.00 | 534.00 | OK | |
| r-devel-linux-x86_64-fedora-gcc | 1.0.1 | 129.00 | 361.19 | 490.19 | OK | |
| r-devel-windows-x86_64 | 1.0.0 | 128.00 | 124.00 | 252.00 | OK | |
| r-patched-linux-x86_64 | 1.0.0 | 114.99 | 102.53 | 217.52 | OK | |
| r-release-linux-x86_64 | 1.0.0 | 117.31 | 101.99 | 219.30 | OK | |
| r-release-macos-arm64 | 1.0.1 | 39.00 | 85.00 | 124.00 | OK | |
| r-release-macos-x86_64 | 1.0.0 | 39.00 | 109.00 | 148.00 | OK | |
| r-release-windows-x86_64 | 1.0.0 | 132.00 | 123.00 | 255.00 | OK | |
| r-oldrel-macos-arm64 | 1.0.0 | 35.00 | 59.00 | 94.00 | NOTE | |
| r-oldrel-macos-x86_64 | 1.0.1 | 82.00 | 280.00 | 362.00 | NOTE | |
| r-oldrel-windows-x86_64 | 1.0.0 | 153.00 | 163.00 | 316.00 | OK |
Version: 1.0.0
Check: installed package size
Result: NOTE
installed size is 7.4Mb
sub-directories of 1Mb or more:
libs 7.2Mb
Flavor: r-oldrel-macos-arm64
Version: 1.0.1
Check: installed package size
Result: NOTE
installed size is 8.7Mb
sub-directories of 1Mb or more:
libs 8.5Mb
Flavor: r-oldrel-macos-x86_64