Last updated on 2025-11-23 05:50:22 CET.
| Flavor | Version | Tinstall | Tcheck | Ttotal | Status | Flags |
|---|---|---|---|---|---|---|
| r-devel-linux-x86_64-debian-clang | 1.2.2 | 7.30 | 284.14 | 291.44 | NOTE | |
| r-devel-linux-x86_64-debian-gcc | 1.2.2 | 4.72 | 187.72 | 192.44 | NOTE | |
| r-devel-linux-x86_64-fedora-clang | 1.2.2 | 14.00 | 445.47 | 459.47 | OK | |
| r-devel-windows-x86_64 | 1.2.2 | 10.00 | 414.00 | 424.00 | OK | |
| r-patched-linux-x86_64 | 1.2.2 | 8.27 | 270.13 | 278.40 | OK | |
| r-release-linux-x86_64 | 1.2.2 | 7.27 | 269.06 | 276.33 | OK | |
| r-release-macos-arm64 | 1.2.2 | OK | ||||
| r-release-macos-x86_64 | 1.2.2 | 8.00 | 300.00 | 308.00 | OK | |
| r-release-windows-x86_64 | 1.2.2 | 10.00 | 413.00 | 423.00 | OK | |
| r-oldrel-macos-arm64 | 1.2.2 | NOTE | ||||
| r-oldrel-macos-x86_64 | 1.2.2 | 7.00 | 228.00 | 235.00 | NOTE | |
| r-oldrel-windows-x86_64 | 1.2.2 | 11.00 | 433.00 | 444.00 | NOTE |
Version: 1.2.2
Check: CRAN incoming feasibility
Result: NOTE
Maintainer: ‘Shiqi Tu <tushiqi@picb.ac.cn>’
Package CITATION file contains call(s) to old-style personList() or
as.personList(). Please use c() on person objects instead.
Package CITATION file contains call(s) to old-style citEntry(). Please
use bibentry() instead.
Flavors: r-devel-linux-x86_64-debian-clang, r-devel-linux-x86_64-debian-gcc
Version: 1.2.2
Check: installed package size
Result: NOTE
installed size is 5.3Mb
sub-directories of 1Mb or more:
data 1.2Mb
doc 3.5Mb
Flavors: r-oldrel-macos-arm64, r-oldrel-macos-x86_64, r-oldrel-windows-x86_64