Last updated on 2025-07-21 06:49:30 CEST.
Flavor | Version | Tinstall | Tcheck | Ttotal | Status | Flags |
---|---|---|---|---|---|---|
r-devel-linux-x86_64-debian-clang | 1.2.2 | 7.37 | 278.25 | 285.62 | NOTE | |
r-devel-linux-x86_64-debian-gcc | 1.2.2 | 4.68 | 185.67 | 190.35 | NOTE | |
r-devel-linux-x86_64-fedora-clang | 1.2.2 | 464.56 | OK | |||
r-devel-linux-x86_64-fedora-gcc | 1.2.2 | 461.47 | OK | |||
r-devel-windows-x86_64 | 1.2.2 | 9.00 | 397.00 | 406.00 | OK | |
r-patched-linux-x86_64 | 1.2.2 | 9.47 | 269.55 | 279.02 | OK | |
r-release-linux-x86_64 | 1.2.2 | 6.70 | 265.25 | 271.95 | OK | |
r-release-macos-arm64 | 1.2.2 | 171.00 | OK | |||
r-release-macos-x86_64 | 1.2.2 | 308.00 | OK | |||
r-release-windows-x86_64 | 1.2.2 | 9.00 | 390.00 | 399.00 | OK | |
r-oldrel-macos-arm64 | 1.2.2 | 111.00 | NOTE | |||
r-oldrel-macos-x86_64 | 1.2.2 | 235.00 | NOTE | |||
r-oldrel-windows-x86_64 | 1.2.2 | 12.00 | 461.00 | 473.00 | NOTE |
Version: 1.2.2
Check: CRAN incoming feasibility
Result: NOTE
Maintainer: ‘Shiqi Tu <tushiqi@picb.ac.cn>’
Package CITATION file contains call(s) to old-style personList() or
as.personList(). Please use c() on person objects instead.
Package CITATION file contains call(s) to old-style citEntry(). Please
use bibentry() instead.
Flavors: r-devel-linux-x86_64-debian-clang, r-devel-linux-x86_64-debian-gcc
Version: 1.2.2
Check: installed package size
Result: NOTE
installed size is 5.3Mb
sub-directories of 1Mb or more:
data 1.2Mb
doc 3.5Mb
Flavors: r-oldrel-macos-arm64, r-oldrel-macos-x86_64, r-oldrel-windows-x86_64