Last updated on 2024-04-24 07:15:08 CEST.
Flavor | Version | Tinstall | Tcheck | Ttotal | Status | Flags |
---|---|---|---|---|---|---|
r-devel-linux-x86_64-debian-clang | 1.3.3 | 4.41 | 65.95 | 70.36 | OK | |
r-devel-linux-x86_64-debian-gcc | 1.3.3 | 2.58 | 47.98 | 50.56 | OK | |
r-devel-linux-x86_64-fedora-clang | 1.3.3 | 86.06 | NOTE | |||
r-devel-linux-x86_64-fedora-gcc | 1.3.3 | 82.79 | NOTE | |||
r-prerel-macos-arm64 | 1.3.3 | 25.00 | OK | |||
r-prerel-windows-x86_64 | 1.3.3 | 4.00 | 70.00 | 74.00 | OK | |
r-patched-linux-x86_64 | 1.3.3 | 3.89 | 65.06 | 68.95 | OK | |
r-release-linux-x86_64 | 1.3.3 | 3.83 | 65.58 | 69.41 | OK | |
r-release-macos-arm64 | 1.3.3 | 26.00 | OK | |||
r-release-macos-x86_64 | 1.3.3 | 43.00 | OK | |||
r-release-windows-x86_64 | 1.3.3 | 5.00 | 81.00 | 86.00 | OK | |
r-oldrel-macos-arm64 | 1.3.3 | 30.00 | OK | |||
r-oldrel-windows-x86_64 | 1.3.3 | 10.00 | 81.00 | 91.00 | OK |
Version: 1.3.3
Check: data for non-ASCII characters
Result: NOTE
Note: found 46 marked UTF-8 strings
Flavors: r-devel-linux-x86_64-fedora-clang, r-devel-linux-x86_64-fedora-gcc