Last updated on 2024-04-17 18:56:47 CEST.
Flavor | Version | Tinstall | Tcheck | Ttotal | Status | Flags |
---|---|---|---|---|---|---|
r-devel-linux-x86_64-debian-clang | 0.4.0 | 105.41 | 77.83 | 183.24 | NOTE | |
r-devel-linux-x86_64-debian-gcc | 0.4.0 | 91.31 | 61.25 | 152.56 | NOTE | |
r-devel-linux-x86_64-fedora-clang | 0.4.0 | 256.63 | NOTE | |||
r-devel-linux-x86_64-fedora-gcc | 0.4.0 | 286.12 | NOTE | |||
r-prerel-macos-arm64 | 0.4.0 | 65.00 | NOTE | |||
r-prerel-windows-x86_64 | 0.4.0 | 86.00 | 98.00 | 184.00 | NOTE | |
r-patched-linux-x86_64 | 0.4.0 | 115.52 | 79.46 | 194.98 | NOTE | |
r-release-linux-x86_64 | 0.4.0 | 106.83 | 79.26 | 186.09 | NOTE | |
r-release-macos-arm64 | 0.4.0 | 81.00 | NOTE | |||
r-release-macos-x86_64 | 0.4.0 | 123.00 | NOTE | |||
r-release-windows-x86_64 | 0.4.0 | 107.00 | 117.00 | 224.00 | NOTE | |
r-oldrel-macos-arm64 | 0.4.0 | 62.00 | NOTE | |||
r-oldrel-windows-x86_64 | 0.4.0 | 100.00 | 112.00 | 212.00 | NOTE |
Version: 0.4.0
Check: C++ specification
Result: NOTE
Specified C++11: please drop specification unless essential
Flavors: r-devel-linux-x86_64-debian-clang, r-devel-linux-x86_64-debian-gcc, r-devel-linux-x86_64-fedora-clang, r-devel-linux-x86_64-fedora-gcc, r-prerel-macos-arm64, r-prerel-windows-x86_64, r-patched-linux-x86_64, r-release-linux-x86_64, r-release-macos-arm64, r-release-macos-x86_64, r-release-windows-x86_64
Version: 0.4.0
Check: LazyData
Result: NOTE
'LazyData' is specified without a 'data' directory
Flavors: r-devel-linux-x86_64-debian-clang, r-devel-linux-x86_64-debian-gcc, r-devel-linux-x86_64-fedora-clang, r-devel-linux-x86_64-fedora-gcc, r-prerel-macos-arm64, r-prerel-windows-x86_64, r-patched-linux-x86_64, r-release-linux-x86_64, r-release-macos-arm64, r-release-macos-x86_64, r-release-windows-x86_64, r-oldrel-macos-arm64, r-oldrel-windows-x86_64
Version: 0.4.0
Check: Rd cross-references
Result: NOTE
Undeclared package ‘coda’ in Rd xrefs
Flavor: r-devel-linux-x86_64-fedora-clang
Version: 0.4.0
Check: installed package size
Result: NOTE
installed size is 19.6Mb
sub-directories of 1Mb or more:
libs 19.1Mb
Flavors: r-prerel-macos-arm64, r-release-macos-arm64, r-release-macos-x86_64, r-oldrel-macos-arm64