CRAN Package Check Results for Package MCMCvis

Last updated on 2025-04-15 06:51:49 CEST.

Flavor Version Tinstall Tcheck Ttotal Status Flags
r-devel-linux-x86_64-debian-clang 0.16.3 6.34 70.75 77.09 OK
r-devel-linux-x86_64-debian-gcc 0.16.3 4.62 52.15 56.77 OK
r-devel-linux-x86_64-fedora-clang 0.16.3 118.58 OK
r-devel-linux-x86_64-fedora-gcc 0.16.3 119.13 OK
r-devel-windows-x86_64 0.16.3 7.00 81.00 88.00 OK
r-patched-linux-x86_64 0.16.3 4.35 69.40 73.75 OK
r-release-linux-x86_64 0.16.3 4.99 69.87 74.86 OK
r-release-macos-arm64 0.16.3 47.00 OK
r-release-macos-x86_64 0.16.3 111.00 OK
r-release-windows-x86_64 0.16.3 6.00 84.00 90.00 OK
r-oldrel-macos-arm64 0.16.3 42.00 NOTE
r-oldrel-macos-x86_64 0.16.3 94.00 NOTE
r-oldrel-windows-x86_64 0.16.3 10.00 105.00 115.00 NOTE

Check Details

Version: 0.16.3
Check: package dependencies
Result: NOTE Package suggested but not available for checking: ‘cmdstanr’ Flavors: r-oldrel-macos-arm64, r-oldrel-macos-x86_64, r-oldrel-windows-x86_64