Last updated on 2025-11-23 17:50:18 CET.
| Flavor | Version | Tinstall | Tcheck | Ttotal | Status | Flags |
|---|---|---|---|---|---|---|
| r-devel-linux-x86_64-debian-clang | 1.6.1 | 2.79 | 23.13 | 25.92 | NOTE | |
| r-devel-linux-x86_64-debian-gcc | 1.6.1 | 2.19 | 19.02 | 21.21 | NOTE | |
| r-devel-linux-x86_64-fedora-clang | 1.6.1 | 39.12 | OK | |||
| r-devel-windows-x86_64 | 1.6.1 | 8.00 | 42.00 | 50.00 | OK | |
| r-patched-linux-x86_64 | 1.6.1 | 2.41 | 21.75 | 24.16 | OK | |
| r-release-linux-x86_64 | 1.6.1 | 2.48 | 21.78 | 24.26 | OK | |
| r-release-macos-arm64 | 1.6.1 | OK | ||||
| r-release-macos-x86_64 | 1.6.1 | 4.00 | 24.00 | 28.00 | OK | |
| r-release-windows-x86_64 | 1.6.1 | 7.00 | 58.00 | 65.00 | OK | |
| r-oldrel-macos-arm64 | 1.6.1 | OK | ||||
| r-oldrel-macos-x86_64 | 1.6.1 | 3.00 | 20.00 | 23.00 | OK | |
| r-oldrel-windows-x86_64 | 1.6.1 | 6.00 | 46.00 | 52.00 | OK |
Version: 1.6.1
Check: CRAN incoming feasibility
Result: NOTE
Maintainer: ‘Irina Gaynanova <irinagn@umich.edu>’
No Authors@R field in DESCRIPTION.
Please add one, modifying
Authors@R: person(given = "Irina",
family = "Gaynanova",
role = c("aut", "cre"),
email = "irinagn@umich.edu")
as necessary.
Flavors: r-devel-linux-x86_64-debian-clang, r-devel-linux-x86_64-debian-gcc