Last updated on 2025-11-24 17:50:05 CET.
| Flavor | Version | Tinstall | Tcheck | Ttotal | Status | Flags |
|---|---|---|---|---|---|---|
| r-devel-linux-x86_64-debian-clang | 0.5.8 | 4.75 | 38.80 | 43.55 | NOTE | |
| r-devel-linux-x86_64-debian-gcc | 0.5.8 | 3.18 | 28.11 | 31.29 | NOTE | |
| r-devel-linux-x86_64-fedora-clang | 0.5.8 | 12.00 | 54.29 | 66.29 | NOTE | |
| r-devel-linux-x86_64-fedora-gcc | 0.5.8 | 13.00 | 49.23 | 62.23 | NOTE | |
| r-devel-windows-x86_64 | 0.5.8 | 8.00 | 52.00 | 60.00 | NOTE | |
| r-patched-linux-x86_64 | 0.5.8 | 4.57 | 34.46 | 39.03 | NOTE | |
| r-release-linux-x86_64 | 0.5.8 | 4.71 | 34.27 | 38.98 | NOTE | |
| r-release-macos-arm64 | 0.5.8 | NOTE | ||||
| r-release-macos-x86_64 | 0.5.8 | 4.00 | 31.00 | 35.00 | NOTE | |
| r-release-windows-x86_64 | 0.5.8 | 7.00 | 67.00 | 74.00 | NOTE | |
| r-oldrel-macos-arm64 | 0.5.8 | NOTE | ||||
| r-oldrel-macos-x86_64 | 0.5.8 | 4.00 | 26.00 | 30.00 | NOTE | |
| r-oldrel-windows-x86_64 | 0.5.8 | 9.00 | 63.00 | 72.00 | NOTE |
Version: 0.5.8
Check: Rd files
Result: NOTE
checkRd: (-1) miive.Rd:120-239: Lost braces in \itemize; meant \describe ?
checkRd: (-1) miive.Rd:241-264: Lost braces in \itemize; meant \describe ?
checkRd: (-1) miive.Rd:266-277: Lost braces in \itemize; meant \describe ?
checkRd: (-1) miive.Rd:279-286: Lost braces in \itemize; meant \describe ?
checkRd: (-1) miive.Rd:288-293: Lost braces in \itemize; meant \describe ?
checkRd: (-1) miive.Rd:295-311: Lost braces in \itemize; meant \describe ?
checkRd: (-1) miive.Rd:313-337: Lost braces in \itemize; meant \describe ?
checkRd: (-1) miive.Rd:339-352: Lost braces in \itemize; meant \describe ?
checkRd: (-1) miive.Rd:353-370: Lost braces in \itemize; meant \describe ?
checkRd: (-1) miive.Rd:426: Lost braces
426 | \link{MIIVsem}{miivs}
| ^
checkRd: (-1) miivs.Rd:33-160: Lost braces in \itemize; meant \describe ?
Flavors: r-devel-linux-x86_64-debian-clang, r-devel-linux-x86_64-debian-gcc, r-devel-linux-x86_64-fedora-clang, r-devel-linux-x86_64-fedora-gcc, r-devel-windows-x86_64, r-patched-linux-x86_64, r-release-linux-x86_64, r-release-macos-arm64, r-release-macos-x86_64, r-release-windows-x86_64, r-oldrel-macos-arm64, r-oldrel-macos-x86_64, r-oldrel-windows-x86_64