Last updated on 2024-04-25 06:54:23 CEST.
Flavor | Version | Tinstall | Tcheck | Ttotal | Status | Flags |
---|---|---|---|---|---|---|
r-devel-linux-x86_64-debian-clang | 0.4.3 | 2.12 | 31.84 | 33.96 | NOTE | |
r-devel-linux-x86_64-debian-gcc | 0.4.3 | 2.41 | 23.79 | 26.20 | NOTE | |
r-devel-linux-x86_64-fedora-clang | 0.4.3 | 43.66 | NOTE | |||
r-devel-linux-x86_64-fedora-gcc | 0.4.3 | 41.45 | NOTE | |||
r-devel-windows-x86_64 | 0.4.3 | 3.00 | 48.00 | 51.00 | NOTE | |
r-patched-linux-x86_64 | 0.4.3 | 3.04 | 30.94 | 33.98 | NOTE | |
r-release-linux-x86_64 | 0.4.3 | 2.73 | 30.19 | 32.92 | NOTE | |
r-release-macos-arm64 | 0.4.3 | 18.00 | NOTE | |||
r-release-windows-x86_64 | 0.4.3 | 4.00 | 48.00 | 52.00 | NOTE | |
r-oldrel-macos-arm64 | 0.4.3 | 19.00 | NOTE | |||
r-oldrel-macos-x86_64 | 0.4.3 | 27.00 | NOTE | |||
r-oldrel-windows-x86_64 | 0.4.3 | 5.00 | 50.00 | 55.00 | NOTE |
Version: 0.4.3
Check: Rd files
Result: NOTE
checkRd: (-1) Texture.Rd:35: Escaped LaTeX specials: \&
checkRd: (-1) binom.diagnostics.Rd:33: Escaped LaTeX specials: \&
Flavors: r-devel-linux-x86_64-debian-clang, r-devel-linux-x86_64-debian-gcc, r-devel-linux-x86_64-fedora-clang, r-devel-linux-x86_64-fedora-gcc, r-devel-windows-x86_64, r-patched-linux-x86_64, r-release-linux-x86_64, r-release-macos-arm64, r-release-windows-x86_64, r-oldrel-macos-arm64, r-oldrel-macos-x86_64, r-oldrel-windows-x86_64