Last updated on 2024-04-19 06:56:22 CEST.
Flavor | Version | Tinstall | Tcheck | Ttotal | Status | Flags |
---|---|---|---|---|---|---|
r-devel-linux-x86_64-debian-clang | 0.1-7 | 7.24 | 31.53 | 38.77 | NOTE | |
r-devel-linux-x86_64-debian-gcc | 0.1-7 | NOTE | ||||
r-devel-linux-x86_64-fedora-clang | 0.1-7 | 48.37 | NOTE | |||
r-devel-linux-x86_64-fedora-gcc | 0.1-7 | 46.22 | NOTE | |||
r-prerel-macos-arm64 | 0.1-7 | 21.00 | NOTE | |||
r-prerel-windows-x86_64 | 0.1-7 | 8.00 | 54.00 | 62.00 | NOTE | |
r-patched-linux-x86_64 | 0.1-7 | 6.49 | 30.64 | 37.13 | NOTE | |
r-release-linux-x86_64 | 0.1-7 | 5.42 | 31.68 | 37.10 | OK | |
r-release-macos-arm64 | 0.1-7 | 21.00 | OK | |||
r-release-macos-x86_64 | 0.1-7 | 30.00 | OK | |||
r-release-windows-x86_64 | 0.1-7 | 10.00 | 52.00 | 62.00 | OK | |
r-oldrel-macos-arm64 | 0.1-7 | 19.00 | OK | |||
r-oldrel-windows-x86_64 | 0.1-7 | 25.00 | 58.00 | 83.00 | OK |
Version: 0.1-7
Check: Rd files
Result: NOTE
checkRd: (-1) real2canon.rd:9: Lost braces; missing escapes or markup?
9 | (2) All x-coordinates of R1',..,Rn' are distinct, and take values in {1,..,2n}.
| ^
checkRd: (-1) real2canon.rd:10: Lost braces; missing escapes or markup?
10 | (3) All y-coordinates of R1',..,Rn' are distinct, and take values in {1,..,2n}.
| ^
Flavors: r-devel-linux-x86_64-debian-clang, r-devel-linux-x86_64-debian-gcc, r-devel-linux-x86_64-fedora-clang, r-devel-linux-x86_64-fedora-gcc, r-prerel-macos-arm64, r-prerel-windows-x86_64, r-patched-linux-x86_64