CRAN Package Check Results for Package MLGL

Last updated on 2025-07-26 18:50:59 CEST.

Flavor Version Tinstall Tcheck Ttotal Status Flags
r-devel-linux-x86_64-debian-clang 1.0.1 12.25 97.56 109.81 OK
r-devel-linux-x86_64-debian-gcc 1.0.1 8.34 68.10 76.44 OK
r-devel-linux-x86_64-fedora-clang 1.0.1 182.54 OK
r-devel-linux-x86_64-fedora-gcc 1.0.1 161.82 OK
r-devel-windows-x86_64 1.0.1 14.00 108.00 122.00 OK
r-patched-linux-x86_64 1.0.0 12.23 93.10 105.33 NOTE
r-release-linux-x86_64 1.0.0 11.44 92.04 103.48 NOTE
r-release-macos-arm64 1.0.0 47.00 NOTE
r-release-macos-x86_64 1.0.1 117.00 OK
r-release-windows-x86_64 1.0.1 15.00 127.00 142.00 OK
r-oldrel-macos-arm64 1.0.0 44.00 NOTE
r-oldrel-macos-x86_64 1.0.1 78.00 OK
r-oldrel-windows-x86_64 1.0.1 19.00 139.00 158.00 OK

Check Details

Version: 1.0.0
Check: Rd files
Result: NOTE checkRd: (-1) MLGL.Rd:43: Lost braces; missing escapes or markup? 43 | \item{y}{vector of size n. If loss = "logit", elements of y must be in {-1,1}} | ^ checkRd: (-1) cv.MLGL.Rd:25: Lost braces; missing escapes or markup? 25 | \item{y}{vector of size n. If loss = "logit", elements of y must be in {-1,1}} | ^ checkRd: (-1) overlapgglasso.Rd:26: Lost braces; missing escapes or markup? 26 | \item{y}{vector of size n. If loss = "logit", elements of y must be in {-1,1}} | ^ checkRd: (-1) stability.MLGL.Rd:25: Lost braces; missing escapes or markup? 25 | \item{y}{vector of size n. If loss = "logit", elements of y must be in {-1,1}} | ^ Flavors: r-patched-linux-x86_64, r-release-linux-x86_64, r-release-macos-arm64, r-oldrel-macos-arm64

Version: 1.0.0
Check: Rd cross-references
Result: NOTE Found the following Rd file(s) with Rd \link{} targets missing package anchors: MLGL.Rd: gglasso cv.MLGL.Rd: cv.gglasso, predict.cv.gglasso overlapgglasso.Rd: gglasso stability.MLGL.Rd: gglasso Please provide package anchors for all Rd \link{} targets not in the package itself and the base packages. Flavors: r-patched-linux-x86_64, r-release-linux-x86_64