Last updated on 2024-07-03 18:57:41 CEST.
Flavor | Version | Tinstall | Tcheck | Ttotal | Status | Flags |
---|---|---|---|---|---|---|
r-devel-linux-x86_64-debian-clang | 3.0.2 | 85.72 | 106.24 | 191.96 | OK | |
r-devel-linux-x86_64-debian-gcc | 3.0.2 | 77.37 | 81.98 | 159.35 | OK | |
r-devel-linux-x86_64-fedora-clang | 3.0.2 | 242.95 | OK | |||
r-devel-linux-x86_64-fedora-gcc | 3.0.2 | 292.93 | OK | |||
r-devel-windows-x86_64 | 3.0.2 | 66.00 | 106.00 | 172.00 | OK | |
r-patched-linux-x86_64 | 3.0.2 | 83.20 | 102.20 | 185.40 | OK | |
r-release-linux-x86_64 | 3.0.2 | 87.51 | 104.21 | 191.72 | OK | |
r-release-macos-arm64 | 3.0.2 | 63.00 | NOTE | |||
r-release-macos-x86_64 | 3.0.2 | 102.00 | NOTE | |||
r-release-windows-x86_64 | 3.0.2 | 70.00 | 107.00 | 177.00 | OK | |
r-oldrel-macos-arm64 | 3.0.2 | 73.00 | NOTE | |||
r-oldrel-macos-x86_64 | 3.0.2 | 115.00 | NOTE | |||
r-oldrel-windows-x86_64 | 3.0.2 | 84.00 | 134.00 | 218.00 | OK |
Version: 3.0.2
Check: installed package size
Result: NOTE
installed size is 28.5Mb
sub-directories of 1Mb or more:
libs 27.8Mb
Flavors: r-release-macos-arm64, r-release-macos-x86_64, r-oldrel-macos-arm64, r-oldrel-macos-x86_64