CRAN Package Check Results for Package MSBVAR

Last updated on 2018-04-20 18:55:24 CEST.

Flavor Version Tinstall Tcheck Ttotal Status Flags
r-devel-linux-x86_64-debian-clang 0.9-3 33.83 54.34 88.17 NOTE
r-devel-linux-x86_64-debian-gcc 0.9-3 25.61 42.05 67.66 WARN
r-devel-linux-x86_64-fedora-clang 0.9-3 114.13 NOTE
r-devel-linux-x86_64-fedora-gcc 0.9-3 102.51 NOTE
r-devel-windows-ix86+x86_64 0.9-3 111.00 92.00 203.00 OK
r-devel-osx-x86_64 0.9-3 OK
r-patched-linux-x86_64 0.9-3 32.64 52.62 85.26 WARN
r-patched-solaris-x86 0.9-3 149.70 OK
r-release-linux-x86_64 0.9-3 25.60 61.51 87.11 NOTE
r-release-windows-ix86+x86_64 0.9-3 110.00 124.00 234.00 OK
r-release-osx-x86_64 0.9-3 OK
r-oldrel-windows-ix86+x86_64 0.9-3 115.00 87.00 202.00 OK

Check Details

Version: 0.9-3
Check: compiled code
Result: NOTE
    File ‘MSBVAR/libs/MSBVAR.so’:
     Found no call to: ‘R_useDynamicSymbols’
    
    It is good practice to register native routines and to disable symbol
    search.
    
    See ‘Writing portable packages’ in the ‘Writing R Extensions’ manual.
Flavors: r-devel-linux-x86_64-debian-clang, r-devel-linux-x86_64-debian-gcc, r-devel-linux-x86_64-fedora-clang, r-devel-linux-x86_64-fedora-gcc, r-patched-linux-x86_64, r-release-linux-x86_64

Version: 0.9-3
Check: whether package can be installed
Result: WARN
    Found the following significant warnings:
     newmat5.cpp:525:69: warning: throw will always call terminate() [-Wterminate]
Flavors: r-devel-linux-x86_64-debian-gcc, r-patched-linux-x86_64