CRAN Package Check Results for Package MSBVAR

Last updated on 2018-01-21 16:49:13 CET.

Flavor Version Tinstall Tcheck Ttotal Status Flags
r-devel-linux-x86_64-debian-clang 0.9-3 25.71 64.87 90.58 NOTE
r-devel-linux-x86_64-debian-gcc 0.9-3 18.11 48.97 67.08 NOTE
r-devel-linux-x86_64-fedora-clang 0.9-3 107.58 NOTE
r-devel-linux-x86_64-fedora-gcc 0.9-3 98.30 NOTE
r-devel-windows-ix86+x86_64 0.9-3 118.00 105.00 223.00 OK
r-patched-linux-x86_64 0.9-3 22.24 62.13 84.37 NOTE
r-patched-solaris-x86 0.9-3 152.40 OK
r-release-linux-x86_64 0.9-3 22.14 64.15 86.29 NOTE
r-release-windows-ix86+x86_64 0.9-3 111.00 97.00 208.00 OK
r-release-osx-x86_64 0.9-3 OK
r-oldrel-windows-ix86+x86_64 0.9-3 112.00 86.00 198.00 OK
r-oldrel-osx-x86_64 0.9-3 OK

Additional issues

rchk

Check Details

Version: 0.9-3
Check: compiled code
Result: NOTE
    File ‘MSBVAR/libs/MSBVAR.so’:
     Found no call to: ‘R_useDynamicSymbols’
    
    It is good practice to register native routines and to disable symbol
    search.
    
    See ‘Writing portable packages’ in the ‘Writing R Extensions’ manual.
Flavors: r-devel-linux-x86_64-debian-clang, r-devel-linux-x86_64-debian-gcc, r-devel-linux-x86_64-fedora-clang, r-devel-linux-x86_64-fedora-gcc, r-patched-linux-x86_64, r-release-linux-x86_64