Last updated on 2025-07-27 18:51:26 CEST.
Flavor | Version | Tinstall | Tcheck | Ttotal | Status | Flags |
---|---|---|---|---|---|---|
r-devel-linux-x86_64-debian-clang | 3.2 | 30.02 | 155.87 | 185.89 | OK | |
r-devel-linux-x86_64-debian-gcc | 3.2 | 22.09 | 111.89 | 133.98 | OK | |
r-devel-linux-x86_64-fedora-clang | 3.2 | 282.81 | OK | |||
r-devel-linux-x86_64-fedora-gcc | 3.2 | 290.19 | OK | |||
r-devel-windows-x86_64 | 3.2 | 35.00 | 169.00 | 204.00 | OK | |
r-patched-linux-x86_64 | 3.2 | 32.23 | 149.59 | 181.82 | OK | |
r-release-linux-x86_64 | 3.2 | 29.34 | 148.92 | 178.26 | OK | |
r-release-macos-arm64 | 3.2 | 80.00 | OK | |||
r-release-macos-x86_64 | 3.2 | 139.00 | OK | |||
r-release-windows-x86_64 | 3.2 | 35.00 | 167.00 | 202.00 | OK | |
r-oldrel-macos-arm64 | 3.2 | 79.00 | NOTE | |||
r-oldrel-macos-x86_64 | 3.2 | 161.00 | NOTE | |||
r-oldrel-windows-x86_64 | 3.2 | 44.00 | 209.00 | 253.00 | NOTE |
Version: 3.2
Check: installed package size
Result: NOTE
installed size is 6.2Mb
sub-directories of 1Mb or more:
doc 3.3Mb
libs 1.6Mb
Flavors: r-oldrel-macos-arm64, r-oldrel-macos-x86_64, r-oldrel-windows-x86_64