Last updated on 2025-05-18 06:49:20 CEST.
Flavor | Version | Tinstall | Tcheck | Ttotal | Status | Flags |
---|---|---|---|---|---|---|
r-devel-linux-x86_64-debian-clang | 0.1.0 | 8.69 | 58.62 | 67.31 | NOTE | |
r-devel-linux-x86_64-debian-gcc | 0.1.0 | 4.73 | 43.84 | 48.57 | NOTE | |
r-devel-linux-x86_64-fedora-clang | 0.1.0 | 103.38 | OK | |||
r-devel-linux-x86_64-fedora-gcc | 0.1.0 | 101.71 | OK | |||
r-devel-windows-x86_64 | 0.1.0 | 7.00 | 73.00 | 80.00 | NOTE | |
r-patched-linux-x86_64 | 0.1.0 | 6.26 | 54.49 | 60.75 | NOTE | |
r-release-linux-x86_64 | 0.1.0 | 7.21 | 55.28 | 62.49 | NOTE | |
r-release-macos-arm64 | 0.1.0 | 35.00 | OK | |||
r-release-macos-x86_64 | 0.1.0 | 57.00 | OK | |||
r-release-windows-x86_64 | 0.1.0 | 8.00 | 79.00 | 87.00 | NOTE | |
r-oldrel-macos-arm64 | 0.1.0 | 31.00 | OK | |||
r-oldrel-macos-x86_64 | 0.1.0 | 48.00 | OK | |||
r-oldrel-windows-x86_64 | 0.1.0 | 11.00 | 88.00 | 99.00 | OK |
Version: 0.1.0
Check: Rd cross-references
Result: NOTE
Found the following Rd file(s) with Rd \link{} targets missing package
anchors:
TSMCP.Rd: grpreg
Please provide package anchors for all Rd \link{} targets not in the
package itself and the base packages.
Flavors: r-devel-linux-x86_64-debian-clang, r-devel-linux-x86_64-debian-gcc, r-devel-windows-x86_64, r-patched-linux-x86_64, r-release-linux-x86_64, r-release-windows-x86_64