CRAN Package Check Results for Package MTDrh

Last updated on 2025-05-17 06:51:13 CEST.

Flavor Version Tinstall Tcheck Ttotal Status Flags
r-devel-linux-x86_64-debian-clang 0.1.0 2.02 22.56 24.58 NOTE
r-devel-linux-x86_64-debian-gcc 0.1.0 1.52 17.81 19.33 NOTE
r-devel-linux-x86_64-fedora-clang 0.1.0 38.79 OK
r-devel-linux-x86_64-fedora-gcc 0.1.0 37.78 OK
r-devel-windows-x86_64 0.1.0 3.00 40.00 43.00 OK
r-patched-linux-x86_64 0.1.0 1.82 22.51 24.33 OK
r-release-linux-x86_64 0.1.0 1.52 21.68 23.20 OK
r-release-macos-arm64 0.1.0 19.00 OK
r-release-macos-x86_64 0.1.0 33.00 OK
r-release-windows-x86_64 0.1.0 2.00 39.00 41.00 OK
r-oldrel-macos-arm64 0.1.0 16.00 OK
r-oldrel-macos-x86_64 0.1.0 28.00 OK
r-oldrel-windows-x86_64 0.1.0 4.00 40.00 44.00 OK

Check Details

Version: 0.1.0
Check: CRAN incoming feasibility
Result: NOTE Maintainer: ‘Didem Sari <dsari@iastate.edu>’ No Authors@R field in DESCRIPTION. Please add one, modifying Authors@R: c(person(given = "Didem", family = "Sari", role = c("aut", "cre"), email = "dsari@iastate.edu"), person(given = c("Sarah", "M."), family = "Ryan", role = "aut", email = "smryan@iastate.edu")) as necessary. Flavors: r-devel-linux-x86_64-debian-clang, r-devel-linux-x86_64-debian-gcc