Last updated on 2024-07-23 18:59:05 CEST.
Flavor | Version | Tinstall | Tcheck | Ttotal | Status | Flags |
---|---|---|---|---|---|---|
r-devel-linux-x86_64-debian-clang | 1.2.1 | 55.44 | 200.23 | 255.67 | OK | |
r-devel-linux-x86_64-debian-gcc | 1.2.1 | 44.77 | 144.62 | 189.39 | OK | |
r-devel-linux-x86_64-fedora-clang | 1.2.1 | 344.73 | OK | |||
r-devel-linux-x86_64-fedora-gcc | 1.2.1 | 328.82 | OK | |||
r-devel-windows-x86_64 | 1.2.1 | 53.00 | 171.00 | 224.00 | OK | |
r-patched-linux-x86_64 | 1.2.1 | 63.77 | 191.96 | 255.73 | OK | |
r-release-linux-x86_64 | 1.2.1 | 58.24 | 186.39 | 244.63 | OK | |
r-release-macos-arm64 | 1.2.1 | 79.00 | NOTE | |||
r-release-macos-x86_64 | 1.2.1 | 167.00 | NOTE | |||
r-release-windows-x86_64 | 1.2.1 | 58.00 | 173.00 | 231.00 | OK | |
r-oldrel-macos-arm64 | 1.2.1 | 90.00 | OK | |||
r-oldrel-macos-x86_64 | 1.2.1 | 148.00 | OK | |||
r-oldrel-windows-x86_64 | 1.2.1 | 63.00 | 216.00 | 279.00 | OK |
Version: 1.2.1
Check: installed package size
Result: NOTE
installed size is 5.2Mb
sub-directories of 1Mb or more:
libs 4.3Mb
Flavors: r-release-macos-arm64, r-release-macos-x86_64