Last updated on 2025-04-15 06:51:49 CEST.
Flavor | Version | Tinstall | Tcheck | Ttotal | Status | Flags |
---|---|---|---|---|---|---|
r-devel-linux-x86_64-debian-clang | 1.2.1 | 45.43 | 150.13 | 195.56 | OK | |
r-devel-linux-x86_64-debian-gcc | 1.2.1 | 30.66 | 99.80 | 130.46 | OK | |
r-devel-linux-x86_64-fedora-clang | 1.2.1 | 358.22 | OK | |||
r-devel-linux-x86_64-fedora-gcc | 1.2.1 | 340.17 | OK | |||
r-devel-windows-x86_64 | 1.2.1 | 51.00 | 178.00 | 229.00 | OK | |
r-patched-linux-x86_64 | 1.2.1 | 47.75 | 145.63 | 193.38 | OK | |
r-release-linux-x86_64 | 1.2.1 | 47.23 | 143.76 | 190.99 | OK | |
r-release-macos-arm64 | 1.2.1 | 88.00 | OK | |||
r-release-macos-x86_64 | 1.2.1 | 195.00 | OK | |||
r-release-windows-x86_64 | 1.2.1 | 51.00 | 171.00 | 222.00 | OK | |
r-oldrel-macos-arm64 | 1.2.1 | 79.00 | NOTE | |||
r-oldrel-macos-x86_64 | 1.2.1 | 167.00 | NOTE | |||
r-oldrel-windows-x86_64 | 1.2.1 | 65.00 | 217.00 | 282.00 | OK |
Version: 1.2.1
Check: installed package size
Result: NOTE
installed size is 5.2Mb
sub-directories of 1Mb or more:
libs 4.3Mb
Flavors: r-oldrel-macos-arm64, r-oldrel-macos-x86_64