Last updated on 2025-11-26 05:51:41 CET.
| Flavor | Version | Tinstall | Tcheck | Ttotal | Status | Flags |
|---|---|---|---|---|---|---|
| r-devel-linux-x86_64-debian-clang | 1.0.2 | 0.31 | 3.14 | 3.45 | ERROR | |
| r-devel-linux-x86_64-debian-gcc | 1.0.2 | 0.27 | 2.41 | 2.68 | ERROR | |
| r-devel-linux-x86_64-fedora-clang | 1.0.2 | 4.66 | ERROR | |||
| r-devel-linux-x86_64-fedora-gcc | 1.0.2 | 4.50 | ERROR | |||
| r-devel-windows-x86_64 | 1.0.2 | 39.00 | 282.00 | 321.00 | OK | |
| r-patched-linux-x86_64 | 1.0.2 | 36.13 | 305.07 | 341.20 | OK | |
| r-release-linux-x86_64 | 1.0.2 | 37.35 | 311.14 | 348.49 | OK | |
| r-release-macos-arm64 | 1.0.2 | OK | ||||
| r-release-macos-x86_64 | 1.0.2 | 26.00 | 222.00 | 248.00 | OK | |
| r-release-windows-x86_64 | 1.0.2 | 39.00 | 255.00 | 294.00 | OK | |
| r-oldrel-macos-arm64 | 1.0.2 | OK | ||||
| r-oldrel-macos-x86_64 | 1.0.2 | 24.00 | 171.00 | 195.00 | OK | |
| r-oldrel-windows-x86_64 | 1.0.2 | 51.00 | 363.00 | 414.00 | OK |
Version: 1.0.2
Check: package dependencies
Result: ERROR
Package required but not available: ‘tmap’
See section ‘The DESCRIPTION file’ in the ‘Writing R Extensions’
manual.
Flavors: r-devel-linux-x86_64-debian-clang, r-devel-linux-x86_64-debian-gcc
Version: 1.0.2
Check: package dependencies
Result: ERROR
Package required but not available: ‘tmap’
Package suggested but not available for checking: ‘BiocCheck’
See section ‘The DESCRIPTION file’ in the ‘Writing R Extensions’
manual.
Flavors: r-devel-linux-x86_64-fedora-clang, r-devel-linux-x86_64-fedora-gcc