Last updated on 2024-07-05 19:04:24 CEST.
Flavor | Version | Tinstall | Tcheck | Ttotal | Status | Flags |
---|---|---|---|---|---|---|
r-devel-linux-x86_64-debian-clang | 1.21 | 4.57 | 59.93 | 64.50 | NOTE | |
r-devel-linux-x86_64-debian-gcc | 1.21 | 3.45 | 44.01 | 47.46 | NOTE | |
r-devel-linux-x86_64-fedora-clang | 1.21 | 79.92 | NOTE | |||
r-devel-linux-x86_64-fedora-gcc | 1.21 | 87.56 | NOTE | |||
r-devel-windows-x86_64 | 1.21 | 4.00 | 75.00 | 79.00 | NOTE | |
r-patched-linux-x86_64 | 1.21 | 4.44 | 57.10 | 61.54 | NOTE | |
r-release-linux-x86_64 | 1.21 | 3.49 | 57.05 | 60.54 | NOTE | |
r-release-macos-arm64 | 1.21 | 31.00 | NOTE | |||
r-release-macos-x86_64 | 1.21 | 65.00 | NOTE | |||
r-release-windows-x86_64 | 1.21 | 7.00 | 75.00 | 82.00 | NOTE | |
r-oldrel-macos-arm64 | 1.21 | 34.00 | OK | |||
r-oldrel-macos-x86_64 | 1.21 | 55.00 | OK | |||
r-oldrel-windows-x86_64 | 1.21 | 5.00 | 81.00 | 86.00 | OK |
Version: 1.21
Check: Rd files
Result: NOTE
checkRd: (-1) MangroveTree.Rd:37: Lost braces
37 | An object of class \\code{\link[Mangrove]{MangrovePed}}
| ^
Flavors: r-devel-linux-x86_64-debian-clang, r-devel-linux-x86_64-debian-gcc, r-devel-linux-x86_64-fedora-clang, r-devel-linux-x86_64-fedora-gcc, r-devel-windows-x86_64, r-patched-linux-x86_64, r-release-linux-x86_64, r-release-macos-arm64, r-release-macos-x86_64, r-release-windows-x86_64