Last updated on 2025-05-18 06:49:18 CEST.
Flavor | Version | Tinstall | Tcheck | Ttotal | Status | Flags |
---|---|---|---|---|---|---|
r-devel-linux-x86_64-debian-clang | 0.5-4 | 9.16 | 63.86 | 73.02 | OK | |
r-devel-linux-x86_64-debian-gcc | 0.5-4 | 6.30 | 48.61 | 54.91 | OK | |
r-devel-linux-x86_64-fedora-clang | 0.5-4 | 114.74 | OK | |||
r-devel-linux-x86_64-fedora-gcc | 0.5-4 | 113.59 | OK | |||
r-devel-windows-x86_64 | 0.5-4 | 10.00 | 77.00 | 87.00 | OK | |
r-patched-linux-x86_64 | 0.5-4 | 10.15 | 60.51 | 70.66 | OK | |
r-release-linux-x86_64 | 0.5-4 | 8.15 | 60.96 | 69.11 | OK | |
r-release-macos-arm64 | 0.5-4 | 38.00 | OK | |||
r-release-macos-x86_64 | 0.5-4 | 97.00 | OK | |||
r-release-windows-x86_64 | 0.5-4 | 10.00 | 85.00 | 95.00 | OK | |
r-oldrel-macos-arm64 | 0.5-4 | 39.00 | NOTE | |||
r-oldrel-macos-x86_64 | 0.5-4 | 87.00 | NOTE | |||
r-oldrel-windows-x86_64 | 0.5-4 | 14.00 | 93.00 | 107.00 | NOTE |
Version: 0.5-4
Check: DESCRIPTION meta-information
Result: NOTE
Package listed in more than one of Depends, Imports, Suggests, Enhances:
‘Matrix’
A package should be listed in only one of these fields.
Flavors: r-oldrel-macos-arm64, r-oldrel-macos-x86_64, r-oldrel-windows-x86_64