Last updated on 2024-04-19 06:56:22 CEST.
Flavor | Version | Tinstall | Tcheck | Ttotal | Status | Flags |
---|---|---|---|---|---|---|
r-devel-linux-x86_64-debian-clang | 0.10.0 | 93.82 | 408.26 | 502.08 | OK | |
r-devel-linux-x86_64-debian-gcc | 0.10.0 | OK | ||||
r-devel-linux-x86_64-fedora-clang | 0.10.0 | 599.83 | OK | |||
r-devel-linux-x86_64-fedora-gcc | 0.10.0 | 593.48 | OK | |||
r-prerel-macos-arm64 | 0.10.0 | 149.00 | NOTE | |||
r-prerel-macos-x86_64 | 0.10.0 | 407.00 | NOTE | |||
r-prerel-windows-x86_64 | 0.10.0 | 60.00 | 283.00 | 343.00 | OK | |
r-patched-linux-x86_64 | 0.10.0 | 82.80 | 360.45 | 443.25 | OK | |
r-release-linux-x86_64 | 0.10.0 | 53.26 | 375.30 | 428.56 | OK | |
r-release-macos-arm64 | 0.10.0 | 164.00 | NOTE | |||
r-release-macos-x86_64 | 0.10.0 | 349.00 | NOTE | |||
r-release-windows-x86_64 | 0.10.0 | 84.00 | 385.00 | 469.00 | OK | |
r-oldrel-macos-arm64 | 0.10.0 | 140.00 | NOTE | |||
r-oldrel-windows-x86_64 | 0.10.0 | 81.00 | 361.00 | 442.00 | OK |
Version: 0.10.0
Check: installed package size
Result: NOTE
installed size is 5.2Mb
sub-directories of 1Mb or more:
libs 3.6Mb
Flavors: r-prerel-macos-arm64, r-prerel-macos-x86_64, r-release-macos-arm64, r-release-macos-x86_64, r-oldrel-macos-arm64