CRAN Package Check Results for Package MiRNAQCD

Last updated on 2025-04-16 06:50:09 CEST.

Flavor Version Tinstall Tcheck Ttotal Status Flags
r-devel-linux-x86_64-debian-clang 1.1.3 4.13 32.14 36.27 OK
r-devel-linux-x86_64-debian-gcc 1.1.3 2.61 24.00 26.61 OK
r-devel-linux-x86_64-fedora-clang 1.1.3 57.64 NOTE
r-devel-linux-x86_64-fedora-gcc 1.1.3 55.90 NOTE
r-devel-windows-x86_64 1.1.3 6.00 50.00 56.00 OK
r-patched-linux-x86_64 1.1.3 3.83 31.01 34.84 OK
r-release-linux-x86_64 1.1.3 3.14 30.81 33.95 OK
r-release-macos-arm64 1.1.3 23.00 OK
r-release-macos-x86_64 1.1.3 37.00 OK
r-release-windows-x86_64 1.1.3 5.00 52.00 57.00 OK
r-oldrel-macos-arm64 1.1.3 20.00 OK
r-oldrel-macos-x86_64 1.1.3 28.00 OK
r-oldrel-windows-x86_64 1.1.3 6.00 56.00 62.00 OK

Check Details

Version: 1.1.3
Check: dependencies in R code
Result: NOTE Namespace in Imports field not imported from: ‘qpdf’ All declared Imports should be used. Flavors: r-devel-linux-x86_64-fedora-clang, r-devel-linux-x86_64-fedora-gcc