CRAN Package Check Results for Package MixGHD

Last updated on 2025-11-23 05:50:24 CET.

Flavor Version Tinstall Tcheck Ttotal Status Flags
r-devel-linux-x86_64-debian-clang 2.3.7 9.01 108.77 117.78 NOTE
r-devel-linux-x86_64-debian-gcc 2.3.7 5.74 71.75 77.49 NOTE
r-devel-linux-x86_64-fedora-clang 2.3.7 33.00 166.09 199.09 OK
r-devel-windows-x86_64 2.3.7 14.00 106.00 120.00 OK
r-patched-linux-x86_64 2.3.7 10.23 106.59 116.82 OK
r-release-linux-x86_64 2.3.7 9.55 103.12 112.67 OK
r-release-macos-arm64 2.3.7 OK
r-release-macos-x86_64 2.3.7 8.00 88.00 96.00 OK
r-release-windows-x86_64 2.3.7 10.00 114.00 124.00 OK
r-oldrel-macos-arm64 2.3.7 OK
r-oldrel-macos-x86_64 2.3.7 6.00 72.00 78.00 OK
r-oldrel-windows-x86_64 2.3.7 14.00 142.00 156.00 OK

Check Details

Version: 2.3.7
Check: CRAN incoming feasibility
Result: NOTE Maintainer: ‘Cristina Tortora <grikris1@gmail.com>’ No Authors@R field in DESCRIPTION. Please add one, modifying Authors@R: c(person(given = "Cristina", family = "Tortora", role = c("aut", "cre", "cph"), email = "grikris1@gmail.com"), person(given = "Aisha", family = "ElSherbiny", role = "com"), person(given = c("Ryan", "P."), family = "Browne", role = c("aut", "cph")), person(given = c("Brian", "C."), family = "Franczak", role = c("aut", "cph")), person(given = c("and", "Paul", "D."), family = "McNicholas", role = c("aut", "cph")), person(given = c("Donald", "D."), family = "Amos.", role = "ctb")) as necessary. Flavors: r-devel-linux-x86_64-debian-clang, r-devel-linux-x86_64-debian-gcc