Last updated on 2024-04-23 18:51:02 CEST.
Flavor | Version | Tinstall | Tcheck | Ttotal | Status | Flags |
---|---|---|---|---|---|---|
r-devel-linux-x86_64-debian-clang | 2.0.0 | 7.81 | 36.09 | 43.90 | OK | |
r-devel-linux-x86_64-debian-gcc | 2.0.0 | 4.82 | 27.75 | 32.57 | OK | |
r-devel-linux-x86_64-fedora-clang | 2.0.0 | 53.11 | NOTE | |||
r-devel-linux-x86_64-fedora-gcc | 2.0.0 | 54.56 | NOTE | |||
r-prerel-macos-arm64 | 2.0.0 | 24.00 | OK | |||
r-prerel-windows-x86_64 | 2.0.0 | 8.00 | 50.00 | 58.00 | OK | |
r-patched-linux-x86_64 | 2.0.0 | 4.38 | 35.36 | 39.74 | OK | |
r-release-linux-x86_64 | 2.0.0 | 4.10 | 35.64 | 39.74 | OK | |
r-release-macos-arm64 | 2.0.0 | 26.00 | OK | |||
r-release-macos-x86_64 | 2.0.0 | 32.00 | OK | |||
r-release-windows-x86_64 | 2.0.0 | 10.00 | 52.00 | 62.00 | OK | |
r-oldrel-macos-arm64 | 2.0.0 | 22.00 | NOTE | |||
r-oldrel-windows-x86_64 | 2.0.0 | 12.00 | 55.00 | 67.00 | OK |
Version: 2.0.0
Check: dependencies in R code
Result: NOTE
Namespace in Imports field not imported from: ‘testthat’
All declared Imports should be used.
Flavors: r-devel-linux-x86_64-fedora-clang, r-devel-linux-x86_64-fedora-gcc, r-oldrel-macos-arm64