Last updated on 2024-07-05 19:04:25 CEST.
Flavor | Version | Tinstall | Tcheck | Ttotal | Status | Flags |
---|---|---|---|---|---|---|
r-devel-linux-x86_64-debian-clang | 2.4 | 3.13 | 26.44 | 29.57 | NOTE | |
r-devel-linux-x86_64-debian-gcc | 2.4 | 2.30 | 19.88 | 22.18 | NOTE | |
r-devel-linux-x86_64-fedora-clang | 2.4 | 36.53 | NOTE | |||
r-devel-linux-x86_64-fedora-gcc | 2.4 | 35.06 | NOTE | |||
r-devel-windows-x86_64 | 2.4 | 3.00 | 42.00 | 45.00 | NOTE | |
r-patched-linux-x86_64 | 2.4 | 3.33 | 25.44 | 28.77 | NOTE | |
r-release-linux-x86_64 | 2.4 | 3.02 | 24.55 | 27.57 | NOTE | |
r-release-macos-arm64 | 2.4 | 14.00 | NOTE | |||
r-release-macos-x86_64 | 2.4 | 43.00 | NOTE | |||
r-release-windows-x86_64 | 2.4 | 3.00 | 49.00 | 52.00 | NOTE | |
r-oldrel-macos-arm64 | 2.4 | 16.00 | OK | |||
r-oldrel-macos-x86_64 | 2.4 | 23.00 | OK | |||
r-oldrel-windows-x86_64 | 2.4 | 4.00 | 52.00 | 56.00 | OK |
Version: 2.4
Check: Rd files
Result: NOTE
checkRd: (-1) MultEq-package.Rd:26-27: Lost braces in \itemize; meant \describe ?
checkRd: (-1) MultEq-package.Rd:28-29: Lost braces in \itemize; meant \describe ?
checkRd: (-1) MultEq-package.Rd:30: Lost braces in \itemize; meant \describe ?
Flavors: r-devel-linux-x86_64-debian-clang, r-devel-linux-x86_64-debian-gcc, r-devel-linux-x86_64-fedora-clang, r-devel-linux-x86_64-fedora-gcc, r-devel-windows-x86_64, r-patched-linux-x86_64, r-release-linux-x86_64, r-release-macos-arm64, r-release-macos-x86_64, r-release-windows-x86_64