Last updated on 2025-11-03 17:49:56 CET.
| Flavor | Version | Tinstall | Tcheck | Ttotal | Status | Flags |
|---|---|---|---|---|---|---|
| r-devel-linux-x86_64-debian-clang | 1.0 | 11.19 | 110.92 | 122.11 | NOTE | |
| r-devel-linux-x86_64-debian-gcc | 1.0 | 7.94 | 76.57 | 84.51 | NOTE | |
| r-devel-linux-x86_64-fedora-clang | 1.0 | 23.00 | 171.29 | 194.29 | OK | |
| r-devel-linux-x86_64-fedora-gcc | 1.0 | 21.00 | 168.89 | 189.89 | OK | |
| r-devel-windows-x86_64 | 1.0 | 13.00 | 111.00 | 124.00 | OK | |
| r-patched-linux-x86_64 | 1.0 | 9.91 | 103.64 | 113.55 | OK | |
| r-release-linux-x86_64 | 1.0 | 10.24 | 103.14 | 113.38 | OK | |
| r-release-macos-arm64 | 1.0 | 5.00 | 48.00 | 53.00 | OK | |
| r-release-macos-x86_64 | 1.0 | 9.00 | 99.00 | 108.00 | OK | |
| r-release-windows-x86_64 | 1.0 | 14.00 | 108.00 | 122.00 | OK | |
| r-oldrel-macos-arm64 | 1.0 | 4.00 | 46.00 | 50.00 | OK | |
| r-oldrel-macos-x86_64 | 1.0 | 7.00 | 88.00 | 95.00 | OK | |
| r-oldrel-windows-x86_64 | 1.0 | 17.00 | 142.00 | 159.00 | OK |
Version: 1.0
Check: CRAN incoming feasibility
Result: NOTE
Maintainer: ‘Marina Gomtsyan <mgomtsian@gmail.com>’
The Description field contains
<arXiv:2307.00929>.
Please refer to arXiv e-prints via their arXiv DOI <doi:10.48550/arXiv.YYMM.NNNNN>.
Flavors: r-devel-linux-x86_64-debian-clang, r-devel-linux-x86_64-debian-gcc