Last updated on 2024-04-26 07:51:54 CEST.
Flavor | Version | Tinstall | Tcheck | Ttotal | Status | Flags |
---|---|---|---|---|---|---|
r-devel-linux-x86_64-debian-clang | 1.0.4.2 | 2.57 | 32.01 | 34.58 | NOTE | |
r-devel-linux-x86_64-debian-gcc | 1.0.4.2 | 1.69 | 25.54 | 27.23 | NOTE | |
r-devel-linux-x86_64-fedora-clang | 1.0.4.2 | 47.24 | NOTE | |||
r-devel-linux-x86_64-fedora-gcc | 1.0.4.2 | 59.53 | NOTE | |||
r-devel-windows-x86_64 | 1.0.4.2 | 4.00 | 67.00 | 71.00 | NOTE | |
r-patched-linux-x86_64 | 1.0.4.2 | 2.79 | 31.22 | 34.01 | NOTE | |
r-release-linux-x86_64 | 1.0.4.2 | 2.53 | 30.77 | 33.30 | NOTE | |
r-release-macos-arm64 | 1.0.4.2 | 27.00 | NOTE | |||
r-release-windows-x86_64 | 1.0.4.2 | 3.00 | 67.00 | 70.00 | NOTE | |
r-oldrel-macos-arm64 | 1.0.4.2 | 26.00 | NOTE | |||
r-oldrel-macos-x86_64 | 1.0.4.2 | 36.00 | NOTE | |||
r-oldrel-windows-x86_64 | 1.0.4.2 | 4.00 | 62.00 | 66.00 | NOTE |
Version: 1.0.4.2
Check: LazyData
Result: NOTE
'LazyData' is specified without a 'data' directory
Flavors: r-devel-linux-x86_64-debian-clang, r-devel-linux-x86_64-debian-gcc, r-devel-linux-x86_64-fedora-clang, r-devel-linux-x86_64-fedora-gcc, r-devel-windows-x86_64, r-patched-linux-x86_64, r-release-linux-x86_64, r-release-macos-arm64, r-release-windows-x86_64, r-oldrel-macos-arm64, r-oldrel-macos-x86_64, r-oldrel-windows-x86_64