Last updated on 2024-07-03 18:57:42 CEST.
Flavor | Version | Tinstall | Tcheck | Ttotal | Status | Flags |
---|---|---|---|---|---|---|
r-devel-linux-x86_64-debian-clang | 1.0.4.2 | 2.37 | 33.24 | 35.61 | NOTE | |
r-devel-linux-x86_64-debian-gcc | 1.0.4.2 | 2.17 | 25.78 | 27.95 | NOTE | |
r-devel-linux-x86_64-fedora-clang | 1.0.4.2 | 46.96 | NOTE | |||
r-devel-linux-x86_64-fedora-gcc | 1.0.4.2 | 57.42 | NOTE | |||
r-devel-windows-x86_64 | 1.0.4.2 | 4.00 | 68.00 | 72.00 | NOTE | |
r-patched-linux-x86_64 | 1.0.4.2 | 2.70 | 32.30 | 35.00 | NOTE | |
r-release-linux-x86_64 | 1.0.4.2 | 1.72 | 32.45 | 34.17 | NOTE | |
r-release-macos-arm64 | 1.0.4.2 | 27.00 | NOTE | |||
r-release-macos-x86_64 | 1.0.4.2 | 51.00 | NOTE | |||
r-release-windows-x86_64 | 1.0.4.2 | 3.00 | 69.00 | 72.00 | NOTE | |
r-oldrel-macos-arm64 | 1.0.4.2 | 26.00 | NOTE | |||
r-oldrel-macos-x86_64 | 1.0.4.2 | 36.00 | NOTE | |||
r-oldrel-windows-x86_64 | 1.0.4.2 | 3.00 | 67.00 | 70.00 | NOTE |
Version: 1.0.4.2
Check: LazyData
Result: NOTE
'LazyData' is specified without a 'data' directory
Flavors: r-devel-linux-x86_64-debian-clang, r-devel-linux-x86_64-debian-gcc, r-devel-linux-x86_64-fedora-clang, r-devel-linux-x86_64-fedora-gcc, r-devel-windows-x86_64, r-patched-linux-x86_64, r-release-linux-x86_64, r-release-macos-arm64, r-release-macos-x86_64, r-release-windows-x86_64, r-oldrel-macos-arm64, r-oldrel-macos-x86_64, r-oldrel-windows-x86_64