Last updated on 2025-10-09 18:49:53 CEST.
Flavor | Version | Tinstall | Tcheck | Ttotal | Status | Flags |
---|---|---|---|---|---|---|
r-devel-linux-x86_64-debian-clang | 1.4.5 | 72.41 | 47.73 | 120.14 | NOTE | |
r-devel-linux-x86_64-debian-gcc | 1.4.5 | 51.02 | 34.74 | 85.76 | NOTE | |
r-devel-linux-x86_64-fedora-clang | 1.4.5 | 230.45 | NOTE | |||
r-devel-linux-x86_64-fedora-gcc | 1.4.5 | 214.66 | NOTE | |||
r-devel-windows-x86_64 | 1.4.5 | 86.00 | 79.00 | 165.00 | NOTE | |
r-patched-linux-x86_64 | 1.4.5 | 74.81 | 45.65 | 120.46 | NOTE | |
r-release-linux-x86_64 | 1.4.5 | 73.33 | 44.99 | 118.32 | NOTE | |
r-release-macos-arm64 | 1.4.5 | 55.00 | NOTE | |||
r-release-macos-x86_64 | 1.4.5 | 65.00 | NOTE | |||
r-release-windows-x86_64 | 1.4.5 | 86.00 | 84.00 | 170.00 | NOTE | |
r-oldrel-macos-arm64 | 1.4.5 | 58.00 | NOTE | |||
r-oldrel-macos-x86_64 | 1.4.5 | 85.00 | NOTE | |||
r-oldrel-windows-x86_64 | 1.4.5 | 101.00 | 100.00 | 201.00 | NOTE |
Version: 1.4.5
Check: C++ specification
Result: NOTE
Specified C++11: please drop specification unless essential
Flavors: r-devel-linux-x86_64-debian-clang, r-devel-linux-x86_64-debian-gcc, r-devel-linux-x86_64-fedora-clang, r-devel-linux-x86_64-fedora-gcc, r-devel-windows-x86_64, r-patched-linux-x86_64, r-release-linux-x86_64, r-release-macos-arm64, r-release-macos-x86_64, r-release-windows-x86_64, r-oldrel-macos-arm64, r-oldrel-macos-x86_64, r-oldrel-windows-x86_64
Version: 1.4.5
Check: installed package size
Result: NOTE
installed size is 8.2Mb
sub-directories of 1Mb or more:
libs 8.0Mb
Flavors: r-oldrel-macos-arm64, r-oldrel-macos-x86_64