Last updated on 2025-11-23 05:50:26 CET.
| Flavor | Version | Tinstall | Tcheck | Ttotal | Status | Flags |
|---|---|---|---|---|---|---|
| r-devel-linux-x86_64-debian-clang | 2.2 | 2.22 | 32.50 | 34.72 | NOTE | |
| r-devel-linux-x86_64-debian-gcc | 2.2 | 1.80 | 25.46 | 27.26 | NOTE | |
| r-devel-linux-x86_64-fedora-clang | 2.2 | 50.74 | OK | |||
| r-devel-windows-x86_64 | 2.2 | 6.00 | 53.00 | 59.00 | OK | |
| r-patched-linux-x86_64 | 2.2 | 2.28 | 29.14 | 31.42 | OK | |
| r-release-linux-x86_64 | 2.2 | 2.03 | 29.54 | 31.57 | OK | |
| r-release-macos-arm64 | 2.2 | OK | ||||
| r-release-macos-x86_64 | 2.2 | 2.00 | 43.00 | 45.00 | OK | |
| r-release-windows-x86_64 | 2.2 | 6.00 | 67.00 | 73.00 | OK | |
| r-oldrel-macos-arm64 | 2.2 | OK | ||||
| r-oldrel-macos-x86_64 | 2.2 | 2.00 | 35.00 | 37.00 | OK | |
| r-oldrel-windows-x86_64 | 2.2 | 5.00 | 58.00 | 63.00 | OK |
Version: 2.2
Check: CRAN incoming feasibility
Result: NOTE
Maintainer: ‘Holger von Jouanne-Diedrich <holger.jouanne-diedrich@h-ab.de>’
No Authors@R field in DESCRIPTION.
Please add one, modifying
Authors@R: person(given = "Holger",
family = "von Jouanne-Diedrich",
role = c("aut", "cre"),
email = "holger.jouanne-diedrich@h-ab.de")
as necessary.
Flavors: r-devel-linux-x86_64-debian-clang, r-devel-linux-x86_64-debian-gcc