Last updated on 2024-04-18 06:57:49 CEST.
Flavor | Version | Tinstall | Tcheck | Ttotal | Status | Flags |
---|---|---|---|---|---|---|
r-devel-linux-x86_64-debian-clang | 0.2-10 | 4.73 | 31.21 | 35.94 | NOTE | |
r-devel-linux-x86_64-debian-gcc | 0.2-10 | 3.34 | 23.67 | 27.01 | NOTE | |
r-devel-linux-x86_64-fedora-clang | 0.2-10 | 36.68 | NOTE | |||
r-devel-linux-x86_64-fedora-gcc | 0.2-10 | 36.34 | NOTE | |||
r-prerel-macos-arm64 | 0.2-10 | 16.00 | NOTE | |||
r-prerel-windows-x86_64 | 0.2-10 | 17.00 | 41.00 | 58.00 | NOTE | |
r-patched-linux-x86_64 | 0.2-10 | 4.91 | 30.51 | 35.42 | NOTE | |
r-release-linux-x86_64 | 0.2-10 | 4.50 | 30.87 | 35.37 | NOTE | |
r-release-macos-arm64 | 0.2-10 | 21.00 | NOTE | |||
r-release-macos-x86_64 | 0.2-10 | 34.00 | NOTE | |||
r-release-windows-x86_64 | 0.2-10 | 19.00 | 31.00 | 50.00 | NOTE | |
r-oldrel-macos-arm64 | 0.2-10 | 22.00 | NOTE | |||
r-oldrel-windows-x86_64 | 0.2-10 | 8.00 | 34.00 | 42.00 | NOTE |
Version: 0.2-10
Check: DESCRIPTION meta-information
Result: NOTE
License stub is invalid DCF.
Flavors: r-devel-linux-x86_64-debian-clang, r-devel-linux-x86_64-debian-gcc, r-prerel-macos-arm64, r-patched-linux-x86_64
Version: 0.2-10
Check: for GNU extensions in Makefiles
Result: NOTE
GNU make is a SystemRequirements.
Flavors: r-devel-linux-x86_64-debian-clang, r-devel-linux-x86_64-debian-gcc, r-devel-linux-x86_64-fedora-clang, r-devel-linux-x86_64-fedora-gcc, r-prerel-macos-arm64, r-prerel-windows-x86_64, r-patched-linux-x86_64, r-release-linux-x86_64, r-release-macos-arm64, r-release-macos-x86_64, r-release-windows-x86_64, r-oldrel-macos-arm64, r-oldrel-windows-x86_64
Version: 0.2-10
Check: DESCRIPTION meta-information
Result: NOTE
Licence stub is invalid DCF.
Flavors: r-devel-linux-x86_64-fedora-clang, r-devel-linux-x86_64-fedora-gcc