CRAN Package Check Results for Package PAGFL

Last updated on 2025-06-30 18:49:47 CEST.

Flavor Version Tinstall Tcheck Ttotal Status Flags
r-devel-linux-x86_64-debian-clang 1.1.3 42.11 41.16 83.27 OK
r-devel-linux-x86_64-debian-gcc 1.1.3 35.01 30.87 65.88 OK
r-devel-linux-x86_64-fedora-clang 1.1.3 147.16 OK
r-devel-linux-x86_64-fedora-gcc 1.1.3 158.05 OK
r-devel-windows-x86_64 1.1.3 57.00 75.00 132.00 OK
r-patched-linux-x86_64 OK
r-release-linux-x86_64 1.1.3 47.43 37.37 84.80 OK
r-release-macos-arm64 1.1.3 37.00 OK
r-release-macos-x86_64 1.1.3 67.00 OK
r-release-windows-x86_64 1.1.3 56.00 74.00 130.00 OK
r-oldrel-macos-arm64 1.1.3 42.00 NOTE
r-oldrel-macos-x86_64 1.1.3 78.00 NOTE
r-oldrel-windows-x86_64 1.1.3 64.00 94.00 158.00 OK

Check Details

Version: 1.1.3
Check: installed package size
Result: NOTE installed size is 6.9Mb sub-directories of 1Mb or more: libs 6.7Mb Flavors: r-oldrel-macos-arm64, r-oldrel-macos-x86_64