Last updated on 2025-11-23 05:50:27 CET.
| Flavor | Version | Tinstall | Tcheck | Ttotal | Status | Flags |
|---|---|---|---|---|---|---|
| r-devel-linux-x86_64-debian-clang | 1.1.6 | 6.50 | 63.79 | 70.29 | NOTE | |
| r-devel-linux-x86_64-debian-gcc | 1.1.6 | 5.69 | 56.41 | 62.10 | NOTE | |
| r-devel-linux-x86_64-fedora-clang | 1.1.6 | 15.00 | 94.75 | 109.75 | NOTE | |
| r-devel-windows-x86_64 | 1.1.6 | 10.00 | 78.00 | 88.00 | OK | |
| r-patched-linux-x86_64 | 1.1.6 | 6.77 | 57.17 | 63.94 | NOTE | |
| r-release-linux-x86_64 | 1.1.6 | 5.67 | 56.73 | 62.40 | NOTE | |
| r-release-macos-arm64 | 1.1.6 | OK | ||||
| r-release-macos-x86_64 | 1.1.6 | 8.00 | 79.00 | 87.00 | OK | |
| r-release-windows-x86_64 | 1.1.6 | 8.00 | 77.00 | 85.00 | NOTE | |
| r-oldrel-macos-arm64 | 1.1.6 | OK | ||||
| r-oldrel-macos-x86_64 | 1.1.6 | 6.00 | 55.00 | 61.00 | OK | |
| r-oldrel-windows-x86_64 | 1.1.6 | 7.00 | 90.00 | 97.00 | NOTE |
Version: 1.1.6
Check: dependencies in R code
Result: NOTE
':::' calls which should be '::':
‘PBSmodelling:::.findSquare’ ‘PBSmodelling:::.getHiddenEnv’
‘PBSmodelling:::.makeCleanVec’ ‘PBSmodelling:::.readList.P’
‘PBSmodelling:::.trimWhiteSpace’
See the note in ?`:::` about the use of this operator.
Flavors: r-devel-linux-x86_64-debian-clang, r-devel-linux-x86_64-debian-gcc, r-devel-linux-x86_64-fedora-clang, r-patched-linux-x86_64, r-release-linux-x86_64, r-release-windows-x86_64, r-oldrel-windows-x86_64