Last updated on 2025-07-27 06:49:34 CEST.
Flavor | Version | Tinstall | Tcheck | Ttotal | Status | Flags |
---|---|---|---|---|---|---|
r-devel-linux-x86_64-debian-clang | 0.1.6 | 2.41 | 50.72 | 53.13 | NOTE | |
r-devel-linux-x86_64-debian-gcc | 0.1.6 | 1.98 | 38.08 | 40.06 | NOTE | |
r-devel-linux-x86_64-fedora-clang | 0.1.6 | 83.97 | OK | |||
r-devel-linux-x86_64-fedora-gcc | 0.1.6 | 97.48 | OK | |||
r-devel-windows-x86_64 | 0.1.6 | 6.00 | 88.00 | 94.00 | OK | |
r-patched-linux-x86_64 | 0.1.6 | 2.47 | 47.91 | 50.38 | OK | |
r-release-linux-x86_64 | 0.1.6 | 2.22 | 47.76 | 49.98 | OK | |
r-release-macos-arm64 | 0.1.6 | 35.00 | OK | |||
r-release-macos-x86_64 | 0.1.6 | 66.00 | OK | |||
r-release-windows-x86_64 | 0.1.6 | 4.00 | 86.00 | 90.00 | OK | |
r-oldrel-macos-arm64 | 0.1.6 | 33.00 | OK | |||
r-oldrel-macos-x86_64 | 0.1.6 | 103.00 | OK | |||
r-oldrel-windows-x86_64 | 0.1.6 | 3.00 | 95.00 | 98.00 | OK |
Version: 0.1.6
Check: CRAN incoming feasibility
Result: NOTE
Maintainer: ‘Steven E. Pav <shabbychef@gmail.com>’
Package CITATION file contains call(s) to old-style citEntry(). Please
use bibentry() instead.
Flavors: r-devel-linux-x86_64-debian-clang, r-devel-linux-x86_64-debian-gcc