CRAN Package Check Results for Package PLIS

Last updated on 2025-07-22 06:49:31 CEST.

Flavor Version Tinstall Tcheck Ttotal Status Flags
r-devel-linux-x86_64-debian-clang 1.2 1.91 23.23 25.14 NOTE
r-devel-linux-x86_64-debian-gcc 1.2 1.66 18.14 19.80 NOTE
r-devel-linux-x86_64-fedora-clang 1.2 39.03 OK
r-devel-linux-x86_64-fedora-gcc 1.2 37.12 OK
r-devel-windows-x86_64 1.2 3.00 38.00 41.00 OK
r-patched-linux-x86_64 1.2 1.95 21.52 23.47 OK
r-release-linux-x86_64 1.2 1.87 21.46 23.33 OK
r-release-macos-arm64 1.2 18.00 OK
r-release-macos-x86_64 1.2 25.00 OK
r-release-windows-x86_64 1.2 2.00 39.00 41.00 OK
r-oldrel-macos-arm64 1.2 17.00 OK
r-oldrel-macos-x86_64 1.2 22.00 OK
r-oldrel-windows-x86_64 1.2 3.00 39.00 42.00 OK

Check Details

Version: 1.2
Check: CRAN incoming feasibility
Result: NOTE Maintainer: ‘Zhi Wei <zhiwei04@gmail.com>’ No Authors@R field in DESCRIPTION. Please add one, modifying Authors@R: c(person(given = c("Zhi", "Wei", "&", "Wenguang"), family = "Sun", role = "aut"), person(given = "Zhi", family = "Wei", role = "cre", email = "zhiwei04@gmail.com")) as necessary. Flavors: r-devel-linux-x86_64-debian-clang, r-devel-linux-x86_64-debian-gcc