CRAN Package Check Results for Package PLORN

Last updated on 2025-07-21 06:49:34 CEST.

Flavor Version Tinstall Tcheck Ttotal Status Flags
r-devel-linux-x86_64-debian-clang 0.1.1 7.84 80.72 88.56 NOTE
r-devel-linux-x86_64-debian-gcc 0.1.1 5.10 53.03 58.13 NOTE
r-devel-linux-x86_64-fedora-clang 0.1.1 134.76 OK
r-devel-linux-x86_64-fedora-gcc 0.1.1 141.56 OK
r-devel-windows-x86_64 0.1.1 8.00 83.00 91.00 OK
r-patched-linux-x86_64 0.1.1 6.92 73.82 80.74 OK
r-release-linux-x86_64 0.1.1 6.93 72.78 79.71 OK
r-release-macos-arm64 0.1.1 44.00 OK
r-release-macos-x86_64 0.1.1 78.00 OK
r-release-windows-x86_64 0.1.1 9.00 83.00 92.00 OK
r-oldrel-macos-arm64 0.1.1 45.00 OK
r-oldrel-macos-x86_64 0.1.1 63.00 OK
r-oldrel-windows-x86_64 0.1.1 11.00 107.00 118.00 OK

Check Details

Version: 0.1.1
Check: CRAN incoming feasibility
Result: NOTE Maintainer: ‘Takahiko Koizumi <takahiko.koizumi@riken.jp>’ No Authors@R field in DESCRIPTION. Please add one, modifying Authors@R: c(person(given = "Takahiko", family = "Koizumi", role = c("aut", "cre"), email = "takahiko.koizumi@riken.jp"), person(given = "Kenta", family = "Suzuki", role = "aut"), person(given = "Yasunori", family = "Ichihashi", role = "aut")) as necessary. Flavors: r-devel-linux-x86_64-debian-clang, r-devel-linux-x86_64-debian-gcc