Last updated on 2024-07-03 18:57:43 CEST.
Flavor | Version | Tinstall | Tcheck | Ttotal | Status | Flags |
---|---|---|---|---|---|---|
r-devel-linux-x86_64-debian-clang | 4.4 | 2.34 | 23.92 | 26.26 | NOTE | |
r-devel-linux-x86_64-debian-gcc | 4.4 | 1.62 | 18.35 | 19.97 | NOTE | |
r-devel-linux-x86_64-fedora-clang | 4.4 | 32.83 | NOTE | |||
r-devel-linux-x86_64-fedora-gcc | 4.4 | 31.52 | NOTE | |||
r-devel-windows-x86_64 | 4.4 | 4.00 | 40.00 | 44.00 | NOTE | |
r-patched-linux-x86_64 | 4.4 | 2.73 | 22.13 | 24.86 | NOTE | |
r-release-linux-x86_64 | 4.4 | 2.49 | 21.95 | 24.44 | NOTE | |
r-release-macos-arm64 | 4.4 | 18.00 | NOTE | |||
r-release-macos-x86_64 | 4.4 | 29.00 | NOTE | |||
r-release-windows-x86_64 | 4.4 | 3.00 | 40.00 | 43.00 | NOTE | |
r-oldrel-macos-arm64 | 4.4 | 18.00 | OK | |||
r-oldrel-macos-x86_64 | 4.4 | 21.00 | OK | |||
r-oldrel-windows-x86_64 | 4.4 | 3.00 | 43.00 | 46.00 | OK |
Version: 4.4
Check: Rd files
Result: NOTE
checkRd: (-1) PMCMR-deprecated.Rd:36: Lost braces in \itemize; \value handles \item{}{} directly
checkRd: (-1) PMCMR-deprecated.Rd:37: Lost braces in \itemize; \value handles \item{}{} directly
checkRd: (-1) PMCMR-deprecated.Rd:38: Lost braces in \itemize; \value handles \item{}{} directly
checkRd: (-1) PMCMR-deprecated.Rd:39-40: Lost braces in \itemize; \value handles \item{}{} directly
checkRd: (-1) PMCMR-deprecated.Rd:41: Lost braces in \itemize; \value handles \item{}{} directly
Flavors: r-devel-linux-x86_64-debian-clang, r-devel-linux-x86_64-debian-gcc, r-devel-linux-x86_64-fedora-clang, r-devel-linux-x86_64-fedora-gcc, r-devel-windows-x86_64, r-patched-linux-x86_64, r-release-linux-x86_64, r-release-macos-arm64, r-release-macos-x86_64, r-release-windows-x86_64