Last updated on 2025-07-27 06:49:36 CEST.
Flavor | Version | Tinstall | Tcheck | Ttotal | Status | Flags |
---|---|---|---|---|---|---|
r-devel-linux-x86_64-debian-clang | 0.94.1 | 12.32 | 109.51 | 121.83 | NOTE | |
r-devel-linux-x86_64-debian-gcc | 0.94.1 | 8.60 | 77.02 | 85.62 | NOTE | |
r-devel-linux-x86_64-fedora-clang | 0.94.1 | 189.82 | OK | |||
r-devel-linux-x86_64-fedora-gcc | 0.94.1 | 182.91 | OK | |||
r-devel-windows-x86_64 | 0.94.1 | 13.00 | 113.00 | 126.00 | NOTE | |
r-patched-linux-x86_64 | 0.94.1 | 12.69 | 103.77 | 116.46 | NOTE | |
r-release-linux-x86_64 | 0.94.1 | 11.25 | 103.13 | 114.38 | NOTE | |
r-release-macos-arm64 | 0.94.1 | 55.00 | OK | |||
r-release-macos-x86_64 | 0.94.1 | 95.00 | OK | |||
r-release-windows-x86_64 | 0.94.1 | 13.00 | 0.00 | 13.00 | FAIL | |
r-oldrel-macos-arm64 | 0.94.1 | 50.00 | OK | |||
r-oldrel-macos-x86_64 | 0.94.1 | 77.00 | OK | |||
r-oldrel-windows-x86_64 | 0.94.1 | 16.00 | 145.00 | 161.00 | OK |
Version: 0.94.1
Check: Rd cross-references
Result: NOTE
Found the following Rd file(s) with Rd \link{} targets missing package
anchors:
PSTf-class.Rd: TraMineR
cprob.Rd: TraMineR
generate.Rd: TraMineR
plot-PSTr.Rd: seqdef
pmine.Rd: TraMineR
Please provide package anchors for all Rd \link{} targets not in the
package itself and the base packages.
Flavors: r-devel-linux-x86_64-debian-clang, r-devel-linux-x86_64-debian-gcc, r-devel-windows-x86_64, r-patched-linux-x86_64, r-release-linux-x86_64, r-release-windows-x86_64
Version: 0.94.1
Check: PDF version of manual
Result: FAIL
Check process probably crashed or hung up for 20 minutes ... killed
Most likely this happened in the example checks (?),
if not, ignore the following last lines of example output:
Warning in rep(if (nam %in% names(L)) L[[nam]] else default, length.out = indx) :
'x' is NULL so the result will be NULL
Warning in rep(if (nam %in% names(L)) L[[nam]] else default, length.out = indx) :
'x' is NULL so the result will be NULL
Warning in rep(if (nam %in% names(L)) L[[nam]] else default, length.out = indx) :
'x' is NULL so the result will be NULL
Warning in rep(if (nam %in% names(L)) L[[nam]] else default, length.out = indx) :
'x' is NULL so the result will be NULL
Warning in rep(if (nam %in% names(L)) L[[nam]] else default, length.out = indx) :
'x' is NULL so the result will be NULL
Warning in rep(if (nam %in% names(L)) L[[nam]] else default, length.out = indx) :
'x' is NULL so the result will be NULL
>
>
>
> ### * <FOOTER>
> ###
> cleanEx()
> options(digits = 7L)
> base::cat("Time elapsed: ", proc.time() - base::get("ptime", pos = 'CheckExEnv'),"\n")
Time elapsed: 22.2 1.11 23.34 NA NA
> grDevices::dev.off()
null device
1
> ###
> ### Local variables: ***
> ### mode: outline-minor ***
> ### outline-regexp: "\\(> \\)?### [*]+" ***
> ### End: ***
> quit('no')
======== End of example output (where/before crash/hang up occured ?) ========
Flavor: r-release-windows-x86_64