Last updated on 2025-11-23 17:50:22 CET.
| Flavor | Version | Tinstall | Tcheck | Ttotal | Status | Flags |
|---|---|---|---|---|---|---|
| r-devel-linux-x86_64-debian-clang | 1.1-3 | 8.21 | 67.72 | 75.93 | NOTE | |
| r-devel-linux-x86_64-debian-gcc | 1.1-3 | 6.02 | 50.02 | 56.04 | NOTE | |
| r-devel-linux-x86_64-fedora-clang | 1.1-3 | 16.00 | 103.40 | 119.40 | OK | |
| r-devel-windows-x86_64 | 1.1-3 | 17.00 | 75.00 | 92.00 | OK | |
| r-patched-linux-x86_64 | 1.1-3 | 6.79 | 63.69 | 70.48 | OK | |
| r-release-linux-x86_64 | 1.1-3 | 6.72 | 64.20 | 70.92 | OK | |
| r-release-macos-arm64 | 1.1-3 | OK | ||||
| r-release-macos-x86_64 | 1.1-3 | 6.00 | 70.00 | 76.00 | OK | |
| r-release-windows-x86_64 | 1.1-3 | 11.00 | 90.00 | 101.00 | OK | |
| r-oldrel-macos-arm64 | 1.1-3 | OK | ||||
| r-oldrel-macos-x86_64 | 1.1-3 | 5.00 | 37.00 | 42.00 | OK | |
| r-oldrel-windows-x86_64 | 1.1-3 | 13.00 | 93.00 | 106.00 | OK |
Version: 1.1-3
Check: CRAN incoming feasibility
Result: NOTE
Maintainer: ‘Huzhang Mao <huzhangmao@gmail.com>’
No Authors@R field in DESCRIPTION.
Please add one, modifying
Authors@R: c(person(given = "Huzhang",
family = "Mao",
role = c("aut", "cre"),
email = "huzhangmao@gmail.com"),
person(given = "Liang",
family = "Li",
role = "aut",
email = "LLi15@mdanderson.org"))
as necessary.
Flavors: r-devel-linux-x86_64-debian-clang, r-devel-linux-x86_64-debian-gcc