Last updated on 2025-11-23 05:50:29 CET.
| Flavor | Version | Tinstall | Tcheck | Ttotal | Status | Flags |
|---|---|---|---|---|---|---|
| r-devel-linux-x86_64-debian-clang | 1.0 | 6.24 | 56.66 | 62.90 | NOTE | |
| r-devel-linux-x86_64-debian-gcc | 1.0 | 5.26 | 43.84 | 49.10 | NOTE | |
| r-devel-linux-x86_64-fedora-clang | 1.0 | 14.00 | 82.01 | 96.01 | OK | |
| r-devel-windows-x86_64 | 1.0 | 8.00 | 70.00 | 78.00 | OK | |
| r-patched-linux-x86_64 | 1.0 | 6.11 | 55.48 | 61.59 | OK | |
| r-release-linux-x86_64 | 1.0 | 6.75 | 55.13 | 61.88 | OK | |
| r-release-macos-arm64 | 1.0 | OK | ||||
| r-release-macos-x86_64 | 1.0 | 5.00 | 50.00 | 55.00 | OK | |
| r-release-windows-x86_64 | 1.0 | 8.00 | 89.00 | 97.00 | OK | |
| r-oldrel-macos-arm64 | 1.0 | OK | ||||
| r-oldrel-macos-x86_64 | 1.0 | 5.00 | 40.00 | 45.00 | OK | |
| r-oldrel-windows-x86_64 | 1.0 | 11.00 | 79.00 | 90.00 | OK |
Version: 1.0
Check: CRAN incoming feasibility
Result: NOTE
Maintainer: ‘Layla Parast <parast@austin.utexas.edu>’
The Description field contains
available in Wang et al (2022) <arXiv:2209.08414>.
Please refer to arXiv e-prints via their arXiv DOI <doi:10.48550/arXiv.YYMM.NNNNN>.
Flavors: r-devel-linux-x86_64-debian-clang, r-devel-linux-x86_64-debian-gcc