Last updated on 2025-05-17 18:49:44 CEST.
Flavor | Version | Tinstall | Tcheck | Ttotal | Status | Flags |
---|---|---|---|---|---|---|
r-devel-linux-x86_64-debian-clang | 0.1.1 | 1.60 | 16.08 | 17.68 | OK | |
r-devel-linux-x86_64-debian-gcc | 0.1.1 | 1.20 | 13.17 | 14.37 | OK | |
r-devel-linux-x86_64-fedora-clang | 0.1.1 | 27.83 | OK | |||
r-devel-linux-x86_64-fedora-gcc | 0.1.1 | 26.10 | OK | |||
r-devel-windows-x86_64 | 0.1.1 | 2.00 | 34.00 | 36.00 | OK | |
r-patched-linux-x86_64 | 0.1.1 | 1.45 | 15.34 | 16.79 | OK | |
r-release-linux-x86_64 | 0.1.1 | 1.64 | 15.37 | 17.01 | OK | |
r-release-macos-arm64 | 0.1.1 | 16.00 | OK | |||
r-release-macos-x86_64 | 0.1.1 | 22.00 | OK | |||
r-release-windows-x86_64 | 0.1.1 | 2.00 | 33.00 | 35.00 | OK | |
r-oldrel-macos-arm64 | 0.1.1 | 15.00 | NOTE | |||
r-oldrel-macos-x86_64 | 0.1.1 | 20.00 | NOTE | |||
r-oldrel-windows-x86_64 | 0.1.1 | 2.00 | 33.00 | 35.00 | NOTE |
Version: 0.1.1
Check: LazyData
Result: NOTE
'LazyData' is specified without a 'data' directory
Flavors: r-oldrel-macos-arm64, r-oldrel-macos-x86_64, r-oldrel-windows-x86_64