Last updated on 2024-04-19 06:56:25 CEST.
Flavor | Version | Tinstall | Tcheck | Ttotal | Status | Flags |
---|---|---|---|---|---|---|
r-devel-linux-x86_64-debian-clang | 0.1.1 | 30.40 | 34.09 | 64.49 | NOTE | |
r-devel-linux-x86_64-debian-gcc | 0.1.1 | NOTE | ||||
r-devel-linux-x86_64-fedora-clang | 0.1.1 | 89.01 | NOTE | |||
r-devel-linux-x86_64-fedora-gcc | 0.1.1 | 87.13 | NOTE | |||
r-prerel-macos-arm64 | 0.1.1 | 38.00 | NOTE | |||
r-prerel-windows-x86_64 | 0.1.1 | 28.00 | 52.00 | 80.00 | NOTE | |
r-patched-linux-x86_64 | 0.1.1 | 33.08 | 32.76 | 65.84 | NOTE | |
r-release-linux-x86_64 | 0.1.1 | 32.70 | 32.89 | 65.59 | OK | |
r-release-macos-arm64 | 0.1.1 | 41.00 | OK | |||
r-release-macos-x86_64 | 0.1.1 | 56.00 | OK | |||
r-release-windows-x86_64 | 0.1.1 | 30.00 | 51.00 | 81.00 | OK | |
r-oldrel-macos-arm64 | 0.1.1 | 42.00 | OK | |||
r-oldrel-windows-x86_64 | 0.1.1 | 38.00 | 58.00 | 96.00 | OK |
Version: 0.1.1
Check: Rd files
Result: NOTE
checkRd: (-1) MICS2014HL.Rd:109: Lost braces in \enumerate; meant \describe ?
checkRd: (-1) MICS2014HL.Rd:110: Lost braces in \enumerate; meant \describe ?
Flavors: r-devel-linux-x86_64-debian-clang, r-devel-linux-x86_64-debian-gcc, r-devel-linux-x86_64-fedora-clang, r-devel-linux-x86_64-fedora-gcc, r-prerel-macos-arm64, r-prerel-windows-x86_64, r-patched-linux-x86_64
Version: 0.1.1
Check: dependencies in R code
Result: NOTE
Namespace in Imports field not imported from: ‘stats’
All declared Imports should be used.
Flavors: r-devel-linux-x86_64-fedora-clang, r-devel-linux-x86_64-fedora-gcc