Last updated on 2024-07-03 18:57:43 CEST.
Flavor | Version | Tinstall | Tcheck | Ttotal | Status | Flags |
---|---|---|---|---|---|---|
r-devel-linux-x86_64-debian-clang | 0.1.0 | 6.25 | 44.43 | 50.68 | NOTE | |
r-devel-linux-x86_64-debian-gcc | 0.1.0 | 4.69 | 32.79 | 37.48 | NOTE | |
r-devel-linux-x86_64-fedora-clang | 0.1.0 | 64.04 | NOTE | |||
r-devel-linux-x86_64-fedora-gcc | 0.1.0 | 75.55 | NOTE | |||
r-devel-windows-x86_64 | 0.1.0 | 7.00 | 54.00 | 61.00 | NOTE | |
r-patched-linux-x86_64 | 0.1.0 | 6.10 | 40.83 | 46.93 | NOTE | |
r-release-linux-x86_64 | 0.1.0 | 6.30 | 42.65 | 48.95 | NOTE | |
r-release-macos-arm64 | 0.1.0 | 30.00 | NOTE | |||
r-release-macos-x86_64 | 0.1.0 | 42.00 | NOTE | |||
r-release-windows-x86_64 | 0.1.0 | 7.00 | 54.00 | 61.00 | NOTE | |
r-oldrel-macos-arm64 | 0.1.0 | 30.00 | OK | |||
r-oldrel-macos-x86_64 | 0.1.0 | 45.00 | OK | |||
r-oldrel-windows-x86_64 | 0.1.0 | 9.00 | 57.00 | 66.00 | OK |
Version: 0.1.0
Check: Rd files
Result: NOTE
checkRd: (-1) PakPMICS2018bh.Rd:88: Lost braces in \enumerate; meant \describe ?
checkRd: (-1) PakPMICS2018bh.Rd:89: Lost braces in \enumerate; meant \describe ?
Flavors: r-devel-linux-x86_64-debian-clang, r-devel-linux-x86_64-debian-gcc, r-devel-linux-x86_64-fedora-clang, r-devel-linux-x86_64-fedora-gcc, r-devel-windows-x86_64, r-patched-linux-x86_64, r-release-linux-x86_64, r-release-macos-arm64, r-release-macos-x86_64, r-release-windows-x86_64