Last updated on 2024-07-23 18:59:06 CEST.
Flavor | Version | Tinstall | Tcheck | Ttotal | Status | Flags |
---|---|---|---|---|---|---|
r-devel-linux-x86_64-debian-clang | 0.1.0 | 5.87 | 45.84 | 51.71 | NOTE | |
r-devel-linux-x86_64-debian-gcc | 0.1.0 | 5.82 | 34.12 | 39.94 | NOTE | |
r-devel-linux-x86_64-fedora-clang | 0.1.0 | 67.11 | NOTE | |||
r-devel-linux-x86_64-fedora-gcc | 0.1.0 | 80.88 | NOTE | |||
r-devel-windows-x86_64 | 0.1.0 | 8.00 | 55.00 | 63.00 | NOTE | |
r-patched-linux-x86_64 | 0.1.0 | 7.15 | 43.78 | 50.93 | NOTE | |
r-release-linux-x86_64 | 0.1.0 | 6.10 | 43.37 | 49.47 | NOTE | |
r-release-macos-arm64 | 0.1.0 | 28.00 | NOTE | |||
r-release-macos-x86_64 | 0.1.0 | 42.00 | NOTE | |||
r-release-windows-x86_64 | 0.1.0 | 7.00 | 55.00 | 62.00 | NOTE | |
r-oldrel-macos-arm64 | 0.1.0 | 32.00 | OK | |||
r-oldrel-macos-x86_64 | 0.1.0 | 46.00 | OK | |||
r-oldrel-windows-x86_64 | 0.1.0 | 10.00 | 61.00 | 71.00 | OK |
Version: 0.1.0
Check: Rd files
Result: NOTE
checkRd: (-1) PakPMICS2018mn.Rd:243: Lost braces in \enumerate; meant \describe ?
checkRd: (-1) PakPMICS2018mn.Rd:244: Lost braces in \enumerate; meant \describe ?
Flavors: r-devel-linux-x86_64-debian-clang, r-devel-linux-x86_64-debian-gcc, r-devel-linux-x86_64-fedora-clang, r-devel-linux-x86_64-fedora-gcc, r-devel-windows-x86_64, r-patched-linux-x86_64, r-release-linux-x86_64, r-release-macos-arm64, r-release-macos-x86_64, r-release-windows-x86_64
Version: 0.1.0
Check: data for non-ASCII characters
Result: NOTE
Note: found 4 marked UTF-8 strings
Flavors: r-devel-linux-x86_64-fedora-clang, r-devel-linux-x86_64-fedora-gcc