Last updated on 2024-03-28 17:49:37 CET.
Flavor | Version | Tinstall | Tcheck | Ttotal | Status | Flags |
---|---|---|---|---|---|---|
r-devel-linux-x86_64-debian-clang | 1.0.4 | 36.42 | 28.07 | 64.49 | NOTE | |
r-devel-linux-x86_64-debian-gcc | 1.0.4 | 25.00 | 21.52 | 46.52 | NOTE | |
r-devel-linux-x86_64-fedora-clang | 1.0.4 | 88.65 | NOTE | |||
r-devel-linux-x86_64-fedora-gcc | 1.0.4 | 87.01 | NOTE | |||
r-devel-windows-x86_64 | 1.0.4 | 27.00 | 64.00 | 91.00 | NOTE | |
r-patched-linux-x86_64 | 1.0.4 | 31.53 | 26.54 | 58.07 | NOTE | |
r-release-linux-x86_64 | 1.0.4 | 31.19 | 27.36 | 58.55 | NOTE | |
r-release-macos-arm64 | 1.0.4 | 28.00 | NOTE | |||
r-release-macos-x86_64 | 1.0.4 | 41.00 | NOTE | |||
r-release-windows-x86_64 | 1.0.4 | 34.00 | 68.00 | 102.00 | NOTE | |
r-oldrel-macos-arm64 | 1.0.4 | 26.00 | NOTE | |||
r-oldrel-windows-x86_64 | 1.0.4 | 32.00 | 72.00 | 104.00 | NOTE |
Version: 1.0.4
Check: LazyData
Result: NOTE
'LazyData' is specified without a 'data' directory
Flavors: r-devel-linux-x86_64-debian-clang, r-devel-linux-x86_64-debian-gcc, r-devel-linux-x86_64-fedora-clang, r-devel-linux-x86_64-fedora-gcc, r-devel-windows-x86_64, r-patched-linux-x86_64, r-release-linux-x86_64, r-release-macos-arm64, r-release-macos-x86_64, r-release-windows-x86_64, r-oldrel-macos-arm64, r-oldrel-windows-x86_64