Last updated on 2025-05-18 18:50:09 CEST.
Flavor | Version | Tinstall | Tcheck | Ttotal | Status | Flags |
---|---|---|---|---|---|---|
r-devel-linux-x86_64-debian-clang | 0.1.6 | 7.57 | 65.73 | 73.30 | NOTE | |
r-devel-linux-x86_64-debian-gcc | 0.1.6 | 6.14 | 47.50 | 53.64 | NOTE | |
r-devel-linux-x86_64-fedora-clang | 0.1.6 | 122.78 | NOTE | |||
r-devel-linux-x86_64-fedora-gcc | 0.1.6 | 110.24 | NOTE | |||
r-devel-windows-x86_64 | 0.1.6 | 11.00 | 81.00 | 92.00 | OK | |
r-patched-linux-x86_64 | 0.1.6 | 7.83 | 61.62 | 69.45 | NOTE | |
r-release-linux-x86_64 | 0.1.6 | 6.95 | 61.40 | 68.35 | NOTE | |
r-release-macos-arm64 | 0.1.6 | 33.00 | OK | |||
r-release-macos-x86_64 | 0.1.6 | 77.00 | OK | |||
r-release-windows-x86_64 | 0.1.6 | 9.00 | 83.00 | 92.00 | OK | |
r-oldrel-macos-arm64 | 0.1.6 | 36.00 | OK | |||
r-oldrel-macos-x86_64 | 0.1.6 | 51.00 | OK | |||
r-oldrel-windows-x86_64 | 0.1.6 | 12.00 | 104.00 | 116.00 | OK |
Version: 0.1.6
Check: for non-standard things in the check directory
Result: NOTE
Found the following files/directories:
‘P2Run.csv’ ‘P2Run.html’ ‘P2Run.png’
Flavors: r-devel-linux-x86_64-debian-clang, r-devel-linux-x86_64-debian-gcc, r-devel-linux-x86_64-fedora-clang, r-devel-linux-x86_64-fedora-gcc, r-patched-linux-x86_64, r-release-linux-x86_64