Last updated on 2025-11-23 05:50:28 CET.
| Flavor | Version | Tinstall | Tcheck | Ttotal | Status | Flags |
|---|---|---|---|---|---|---|
| r-devel-linux-x86_64-debian-clang | 2.0-8 | 10.89 | 41.00 | 51.89 | NOTE | |
| r-devel-linux-x86_64-debian-gcc | 2.0-8 | 7.89 | 32.43 | 40.32 | NOTE | |
| r-devel-linux-x86_64-fedora-clang | 2.0-8 | 30.00 | 52.27 | 82.27 | OK | |
| r-devel-windows-x86_64 | 2.0-8 | 21.00 | 70.00 | 91.00 | OK | |
| r-patched-linux-x86_64 | 2.0-8 | 11.44 | 38.76 | 50.20 | OK | |
| r-release-linux-x86_64 | 2.0-8 | 10.35 | 38.66 | 49.01 | OK | |
| r-release-macos-arm64 | 2.0-8 | OK | ||||
| r-release-macos-x86_64 | 2.0-8 | 10.00 | 47.00 | 57.00 | OK | |
| r-release-windows-x86_64 | 2.0-8 | 16.00 | 85.00 | 101.00 | OK | |
| r-oldrel-macos-arm64 | 2.0-8 | OK | ||||
| r-oldrel-macos-x86_64 | 2.0-8 | 9.00 | 46.00 | 55.00 | OK | |
| r-oldrel-windows-x86_64 | 2.0-8 | 19.00 | 87.00 | 106.00 | OK |
Version: 2.0-8
Check: CRAN incoming feasibility
Result: NOTE
Maintainer: ‘Bill Venables <Bill.Venables@gmail.com>’
No Authors@R field in DESCRIPTION.
Please add one, modifying
Authors@R: c(person(given = "Bill",
family = "Venables",
role = c("aut", "cre"),
email = "bill.venables@gmail.com"),
person(given = c("with", "contribution", "by", "Kurt"),
family = "Hornik",
role = "aut"),
person(given = "Georgi",
family = "Boshnakov",
role = "aut"),
person(given = "Brian",
family = "Ripley.",
role = "aut"))
as necessary.
Flavors: r-devel-linux-x86_64-debian-clang, r-devel-linux-x86_64-debian-gcc