CRAN Package Check Results for Package PowerUpR

Last updated on 2025-11-22 17:49:38 CET.

Flavor Version Tinstall Tcheck Ttotal Status Flags
r-devel-linux-x86_64-debian-clang 1.1.0 11.23 66.58 77.81 NOTE
r-devel-linux-x86_64-debian-gcc 1.1.0 7.25 45.70 52.95 NOTE
r-devel-linux-x86_64-fedora-clang 1.1.0 22.00 96.58 118.58 NOTE
r-devel-windows-x86_64 1.1.0 15.00 72.00 87.00 NOTE
r-patched-linux-x86_64 1.1.0 10.89 61.64 72.53 NOTE
r-release-linux-x86_64 1.1.0 10.28 61.55 71.83 NOTE
r-release-macos-arm64 1.1.0 NOTE
r-release-macos-x86_64 1.1.0 10.00 78.00 88.00 NOTE
r-release-windows-x86_64 1.1.0 10.00 72.00 82.00 NOTE
r-oldrel-macos-arm64 1.1.0 NOTE
r-oldrel-macos-x86_64 1.1.0 7.00 68.00 75.00 NOTE
r-oldrel-windows-x86_64 1.1.0 10.00 93.00 103.00 NOTE

Check Details

Version: 1.1.0
Check: Rd files
Result: NOTE checkRd: (-1) bira2.Rd:91: Escaped LaTeX specials: \& checkRd: (-1) bira2.Rd:144: Escaped LaTeX specials: \& checkRd: (-1) bira2.Rd:146: Escaped LaTeX specials: \& checkRd: (-1) bira2.Rd:148: Escaped LaTeX specials: \& checkRd: (-1) bira2.Rd:150: Escaped LaTeX specials: \& checkRd: (-1) cra2.Rd:126: Escaped LaTeX specials: \& checkRd: (-1) cra2.Rd:219: Escaped LaTeX specials: \& checkRd: (-1) cra2.Rd:221: Escaped LaTeX specials: \& checkRd: (-1) cra2.Rd:223: Escaped LaTeX specials: \& checkRd: (-1) cra2.Rd:225: Escaped LaTeX specials: \& checkRd: (-1) cra2.Rd:227: Escaped LaTeX specials: \& checkRd: (-1) cra2.Rd:229: Escaped LaTeX specials: \& checkRd: (-1) cra2.Rd:231: Escaped LaTeX specials: \& checkRd: (-1) cra2.Rd:233: Escaped LaTeX specials: \& checkRd: (-1) cra2.Rd:235: Escaped LaTeX specials: \& checkRd: (-1) cra2.Rd:237: Escaped LaTeX specials: \& checkRd: (-1) cra3.Rd:301: Escaped LaTeX specials: \& checkRd: (-1) cra3.Rd:303: Escaped LaTeX specials: \& checkRd: (-1) cra3.Rd:305: Escaped LaTeX specials: \& checkRd: (-1) cra3.Rd:307: Escaped LaTeX specials: \& checkRd: (-1) cra3.Rd:309: Escaped LaTeX specials: \& checkRd: (-1) med_pn.Rd:129: Escaped LaTeX specials: \& Flavors: r-devel-linux-x86_64-debian-clang, r-devel-linux-x86_64-debian-gcc, r-devel-linux-x86_64-fedora-clang, r-devel-windows-x86_64, r-patched-linux-x86_64, r-release-linux-x86_64, r-release-macos-arm64, r-release-macos-x86_64, r-release-windows-x86_64, r-oldrel-macos-arm64, r-oldrel-macos-x86_64, r-oldrel-windows-x86_64