CRAN Package Check Results for Package PracticalEquiDesign

Last updated on 2025-05-18 06:49:22 CEST.

Flavor Version Tinstall Tcheck Ttotal Status Flags
r-devel-linux-x86_64-debian-clang 0.0.3 1.94 26.31 28.25 OK
r-devel-linux-x86_64-debian-gcc 0.0.3 1.40 20.17 21.57 OK
r-devel-linux-x86_64-fedora-clang 0.0.3 44.54 NOTE
r-devel-linux-x86_64-fedora-gcc 0.0.3 55.83 NOTE
r-devel-windows-x86_64 0.0.3 5.00 48.00 53.00 OK
r-patched-linux-x86_64 0.0.3 1.96 24.81 26.77 OK
r-release-linux-x86_64 0.0.3 1.60 25.19 26.79 OK
r-release-macos-arm64 0.0.3 33.00 OK
r-release-macos-x86_64 0.0.3 40.00 OK
r-release-windows-x86_64 0.0.3 4.00 49.00 53.00 OK
r-oldrel-macos-arm64 0.0.3 25.00 OK
r-oldrel-macos-x86_64 0.0.3 33.00 OK
r-oldrel-windows-x86_64 0.0.3 4.00 58.00 62.00 OK

Check Details

Version: 0.0.3
Check: dependencies in R code
Result: NOTE Namespaces in Imports field not imported from: ‘dplyr’ ‘methods’ ‘numDeriv’ ‘tidyr’ All declared Imports should be used. Flavors: r-devel-linux-x86_64-fedora-clang, r-devel-linux-x86_64-fedora-gcc