Last updated on 2024-07-03 18:57:44 CEST.
Flavor | Version | Tinstall | Tcheck | Ttotal | Status | Flags |
---|---|---|---|---|---|---|
r-devel-linux-x86_64-debian-clang | 1.2-4 | 9.15 | 93.90 | 103.05 | OK | |
r-devel-linux-x86_64-debian-gcc | 1.2-4 | 8.21 | 68.83 | 77.04 | OK | |
r-devel-linux-x86_64-fedora-clang | 1.2-4 | 133.50 | NOTE | |||
r-devel-linux-x86_64-fedora-gcc | 1.2-4 | 122.62 | NOTE | |||
r-devel-windows-x86_64 | 1.2-4 | 10.00 | 87.00 | 97.00 | OK | |
r-patched-linux-x86_64 | 1.2-4 | 6.26 | 88.44 | 94.70 | OK | |
r-release-linux-x86_64 | 1.2-4 | 7.11 | 90.20 | 97.31 | OK | |
r-release-macos-arm64 | 1.2-4 | 51.00 | OK | |||
r-release-macos-x86_64 | 1.2-4 | 60.00 | OK | |||
r-release-windows-x86_64 | 1.2-4 | 10.00 | 86.00 | 96.00 | OK | |
r-oldrel-macos-arm64 | 1.2-4 | 44.00 | OK | |||
r-oldrel-macos-x86_64 | 1.2-4 | 68.00 | OK | |||
r-oldrel-windows-x86_64 | 1.2-4 | 13.00 | 102.00 | 115.00 | OK |
Version: 1.2-4
Check: dependencies in R code
Result: NOTE
Namespace in Imports field not imported from: ‘lazyeval’
All declared Imports should be used.
Flavors: r-devel-linux-x86_64-fedora-clang, r-devel-linux-x86_64-fedora-gcc