Last updated on 2025-04-15 06:51:52 CEST.
Flavor | Version | Tinstall | Tcheck | Ttotal | Status | Flags |
---|---|---|---|---|---|---|
r-devel-linux-x86_64-debian-clang | 1.6 | 153.46 | 475.77 | 629.23 | OK | |
r-devel-linux-x86_64-debian-gcc | 1.6 | 104.16 | 337.12 | 441.28 | OK | |
r-devel-linux-x86_64-fedora-clang | 1.6 | 1053.63 | OK | |||
r-devel-linux-x86_64-fedora-gcc | 1.6 | 1103.25 | OK | |||
r-devel-windows-x86_64 | 1.6 | 153.00 | 423.00 | 576.00 | OK | |
r-patched-linux-x86_64 | 1.6 | 111.25 | 456.40 | 567.65 | OK | |
r-release-linux-x86_64 | 1.6 | 151.95 | 455.18 | 607.13 | OK | |
r-release-macos-arm64 | 1.6 | 279.00 | OK | |||
r-release-macos-x86_64 | 1.6 | 233.00 | OK | |||
r-release-windows-x86_64 | 1.6 | 152.00 | 421.00 | 573.00 | OK | |
r-oldrel-macos-arm64 | 1.6 | 156.00 | NOTE | |||
r-oldrel-macos-x86_64 | 1.6 | 268.00 | NOTE | |||
r-oldrel-windows-x86_64 | 1.6 | 140.00 | 565.00 | 705.00 | OK |
Version: 1.6
Check: installed package size
Result: NOTE
installed size is 15.8Mb
sub-directories of 1Mb or more:
data 2.2Mb
libs 13.1Mb
Flavors: r-oldrel-macos-arm64, r-oldrel-macos-x86_64