CRAN Package Check Results for Package QCSimulator

Last updated on 2025-11-20 05:49:33 CET.

Flavor Version Tinstall Tcheck Ttotal Status Flags
r-devel-linux-x86_64-debian-clang 0.0.1 6.66 66.19 72.85 NOTE
r-devel-linux-x86_64-debian-gcc 0.0.1 4.16 47.66 51.82 NOTE
r-devel-linux-x86_64-fedora-clang 0.0.1 12.00 95.23 107.23 OK
r-devel-linux-x86_64-fedora-gcc 0.0.1 12.00 88.49 100.49 OK
r-devel-windows-x86_64 0.0.1 11.00 85.00 96.00 OK
r-patched-linux-x86_64 0.0.1 7.52 58.91 66.43 OK
r-release-linux-x86_64 0.0.1 5.87 59.03 64.90 OK
r-release-macos-arm64 0.0.1 OK
r-release-macos-x86_64 0.0.1 5.00 49.00 54.00 OK
r-release-windows-x86_64 0.0.1 9.00 84.00 93.00 OK
r-oldrel-macos-arm64 0.0.1 NOTE
r-oldrel-macos-x86_64 0.0.1 4.00 36.00 40.00 NOTE
r-oldrel-windows-x86_64 0.0.1 11.00 100.00 111.00 NOTE

Check Details

Version: 0.0.1
Check: CRAN incoming feasibility
Result: NOTE Maintainer: ‘Tinniam V Ganesh<tvganesh.85@gmail.com>’ No Authors@R field in DESCRIPTION. Please add one, modifying Authors@R: person(given = c("Tinniam", "V"), family = "Ganesh", role = c("aut", "cre"), email = "tvganesh.85@gmail.com") as necessary. Flavors: r-devel-linux-x86_64-debian-clang, r-devel-linux-x86_64-debian-gcc

Version: 0.0.1
Check: LazyData
Result: NOTE 'LazyData' is specified without a 'data' directory Flavors: r-oldrel-macos-arm64, r-oldrel-macos-x86_64, r-oldrel-windows-x86_64